{"id":1101,"date":"2019-06-15T19:28:00","date_gmt":"2019-06-15T17:28:00","guid":{"rendered":"http:\/\/www.tierslivre.net\/ateliers\/?page_id=1101"},"modified":"2021-12-12T14:28:51","modified_gmt":"2021-12-12T13:28:51","slug":"autricesauteurs","status":"publish","type":"page","link":"https:\/\/www.tierslivre.net\/ateliers\/atelier-index-sommaires\/les-propositions\/autricesauteurs\/","title":{"rendered":"les autrices&#038;auteurs"},"content":{"rendered":"\n<p>Nota : cet index des autrices &amp; auteurs n&rsquo;est compl\u00e9t\u00e9 qu&rsquo;\u00e0 mesure des premi\u00e8res publications, et non des inscriptions. Site g\u00e9r\u00e9 et atelier propos\u00e9  par <a href=\"http:\/\/www.tierslivre.net\/ateliers\/author\/ateliers\/\">Fran\u00e7ois Bon<\/a>, en cliquant sur sa propre page auteur, la liste des propositions.<\/p>\n\n\n\n<p class=\"has-large-font-size\">A<\/p>\n\n\n\n<p><\/p>\n\n\n\n<p><a href=\"http:\/\/www.tierslivre.net\/ateliers\/author\/halbernhe\/\">Huguette Albernhe<\/a><\/p>\n\n\n\n<p><a href=\"http:\/\/www.tierslivre.net\/ateliers\/author\/isalentour\/\">Isabelle Alentour<\/a><\/p>\n\n\n\n<p><a href=\"http:\/\/www.tierslivre.net\/ateliers\/author\/landersen\/\">Lorette Andersen<\/a><\/p>\n\n\n\n<p><\/p>\n\n\n\n<p><a href=\"http:\/\/www.tierslivre.net\/ateliers\/author\/darras\/\">Delphine Arras<\/a><\/p>\n\n\n\n<p><a href=\"http:\/\/www.tierslivre.net\/ateliers\/author\/daustry\/\">Didier Austry<\/a><\/p>\n\n\n\n<p><\/p>\n\n\n\n<p class=\"has-large-font-size\">B<\/p>\n\n\n\n<p><a href=\"http:\/\/www.tierslivre.net\/ateliers\/author\/fbroilliard\/\">`Fran\u00e7oise B<\/a><\/p>\n\n\n\n<p><a href=\"http:\/\/www.tierslivre.net\/ateliers\/author\/sbailly\/\">S\u00e9bastien Bailly<\/a><\/p>\n\n\n\n<p><a href=\"http:\/\/www.tierslivre.net\/ateliers\/author\/jbarcilon\/\">Jalie Barcilon<\/a><\/p>\n\n\n\n<p><\/p>\n\n\n\n<p><a href=\"http:\/\/www.tierslivre.net\/ateliers\/author\/mfbarthelemy\/\">Marie Barth\u00e9l\u00e9my<\/a><\/p>\n\n\n\n<p><a href=\"http:\/\/www.tierslivre.net\/ateliers\/author\/alainb\/\">Alain Bastard<\/a><\/p>\n\n\n\n<p><a href=\"http:\/\/www.tierslivre.net\/ateliers\/author\/graciabp\/\">Gracia Bejjani<\/a><\/p>\n\n\n\n<p><a href=\"http:\/\/www.tierslivre.net\/ateliers\/author\/filberger\/\">Fil Berger<\/a><\/p>\n\n\n\n<p><\/p>\n\n\n\n<p><\/p>\n\n\n\n<p><a href=\"http:\/\/www.tierslivre.net\/ateliers\/author\/cbergeron\/\">Chantal Bergeron<\/a><\/p>\n\n\n\n<p><\/p>\n\n\n\n<p><a href=\"http:\/\/www.tierslivre.net\/ateliers\/author\/mnbertrand\/\">Marie-No\u00eblle Bertrand<\/a><\/p>\n\n\n\n<p><a href=\"http:\/\/www.tierslivre.net\/ateliers\/author\/nbleusher\/\">Nicolas Bleusher<\/a><\/p>\n\n\n\n<p><a href=\"http:\/\/www.tierslivre.net\/ateliers\/author\/hboivin\/\">H\u00e9l\u00e8ne Boivin<\/a><\/p>\n\n\n\n<p><\/p>\n\n\n\n<p><a href=\"http:\/\/www.tierslivre.net\/ateliers\/author\/jbouchard\/\">Julie Bouchard<\/a><\/p>\n\n\n\n<p><a href=\"http:\/\/www.tierslivre.net\/ateliers\/author\/mguenon\/\">Muriel Boussarie<\/a><\/p>\n\n\n\n<p><\/p>\n\n\n\n<p><a href=\"http:\/\/www.tierslivre.net\/ateliers\/author\/abrabant\/\">Annick Brabant<\/a><\/p>\n\n\n\n<p><\/p>\n\n\n\n<p><a href=\"http:\/\/www.tierslivre.net\/ateliers\/author\/charlotteb\/\">Charlotte Br\u00e8s<\/a><\/p>\n\n\n\n<p><a href=\"http:\/\/www.tierslivre.net\/ateliers\/author\/cburgy\/\">Caroline Burgy<\/a><\/p>\n\n\n\n<p><\/p>\n\n\n\n<p class=\"has-large-font-size\">C<\/p>\n\n\n\n<p><a href=\"http:\/\/www.tierslivre.net\/ateliers\/author\/jeromechazot\/\">J\u00e9r\u00f4me C.<\/a><\/p>\n\n\n\n<p><a href=\"http:\/\/www.tierslivre.net\/ateliers\/author\/mcarre\/\">Marie C.<\/a><\/p>\n\n\n\n<p><a href=\"http:\/\/www.tierslivre.net\/ateliers\/author\/valerec\/\">Val\u00e8re C.<\/a><\/p>\n\n\n\n<p><\/p>\n\n\n\n<p><a href=\"http:\/\/www.tierslivre.net\/ateliers\/author\/claudiegris\/\">Caludie<\/a><\/p>\n\n\n\n<p><\/p>\n\n\n\n<p><a href=\"http:\/\/www.tierslivre.net\/ateliers\/author\/ccamatte\/\">C\u00e9cile Camatte<\/a><\/p>\n\n\n\n<p><a href=\"http:\/\/www.tierslivre.net\/ateliers\/author\/pcastelneau\/\">Philippe Castelneau<\/a><\/p>\n\n\n\n<p><a href=\"http:\/\/www.tierslivre.net\/ateliers\/author\/rcazanave\/\">Roselyne Cazanave-Enfroy<\/a><\/p>\n\n\n\n<p><\/p>\n\n\n\n<p><a href=\"http:\/\/www.tierslivre.net\/ateliers\/author\/brigetoun\/\">Brigitte C\u00e9l\u00e9rier<\/a><\/p>\n\n\n\n<p><a href=\"http:\/\/www.tierslivre.net\/ateliers\/author\/achanteraud\/\">Alain Chanteraud<\/a><\/p>\n\n\n\n<p><a href=\"http:\/\/www.tierslivre.net\/ateliers\/author\/cclotis\/\">Carole Clotis<\/a><\/p>\n\n\n\n<p><\/p>\n\n\n\n<p><a href=\"http:\/\/www.tierslivre.net\/ateliers\/author\/pierodebelleville\/\">Piero Cohen-Hadria<\/a><\/p>\n\n\n\n<p><a href=\"http:\/\/www.tierslivre.net\/ateliers\/author\/ecordoliani\/\">Emmanuelle Cordoliani<\/a><\/p>\n\n\n\n<p><a href=\"http:\/\/www.tierslivre.net\/ateliers\/author\/jcortese\/\">Juliette Cortese<\/a><\/p>\n\n\n\n<p><a href=\"http:\/\/www.tierslivre.net\/ateliers\/author\/scorvez\/\">Stewen Corvez<\/a><\/p>\n\n\n\n<p><a href=\"http:\/\/www.tierslivre.net\/ateliers\/author\/ccourbassier\/\">Chrystel Courbassier<\/a><\/p>\n\n\n\n<p><\/p>\n\n\n\n<p class=\"has-large-font-size\">D<\/p>\n\n\n\n<p><a href=\"http:\/\/www.tierslivre.net\/ateliers\/author\/idartiguelongue\/\">Isabelle Dartiguelongue<\/a><\/p>\n\n\n\n<p><\/p>\n\n\n\n<p><a href=\"http:\/\/www.tierslivre.net\/ateliers\/author\/adejardin\/\">Anne Dejardin<\/a><\/p>\n\n\n\n<p><a href=\"http:\/\/www.tierslivre.net\/ateliers\/author\/menilorac\/\">Marie-Caroline Delannoy<\/a><\/p>\n\n\n\n<p><\/p>\n\n\n\n<p><\/p>\n\n\n\n<p><a href=\"http:\/\/www.tierslivre.net\/ateliers\/author\/cdeligny\/\">Christiane Deligny<\/a><\/p>\n\n\n\n<p><a href=\"http:\/\/www.tierslivre.net\/ateliers\/author\/jderimay\/\">Juliette Derimay<\/a><\/p>\n\n\n\n<p><\/p>\n\n\n\n<p><a href=\"http:\/\/www.tierslivre.net\/ateliers\/author\/etricoire\/\">Emma des Fleurs<\/a><\/p>\n\n\n\n<p><a href=\"http:\/\/www.tierslivre.net\/ateliers\/author\/manudewit\/\">Manu De Wit<\/a><\/p>\n\n\n\n<p><a href=\"http:\/\/www.tierslivre.net\/ateliers\/author\/carolinediaz\/\">Caroline Diaz<\/a><\/p>\n\n\n\n<p><a href=\"http:\/\/www.tierslivre.net\/ateliers\/author\/pmenard\/\">Philippe Diaz<\/a><\/p>\n\n\n\n<p><\/p>\n\n\n\n<p><a href=\"http:\/\/www.tierslivre.net\/ateliers\/author\/ptoucang\/\">Didid Didid<\/a><\/p>\n\n\n\n<p><a href=\"http:\/\/www.tierslivre.net\/ateliers\/author\/bdumont\/\">B\u00e9atrice Dumont<\/a><\/p>\n\n\n\n<p><a href=\"http:\/\/www.tierslivre.net\/ateliers\/author\/fdumoulin\/\">Franck Dumoulin<\/a><\/p>\n\n\n\n<p><\/p>\n\n\n\n<p><a href=\"http:\/\/www.tierslivre.net\/ateliers\/author\/fduport\/\">Fran\u00e7ois Duport<\/a><\/p>\n\n\n\n<p><\/p>\n\n\n\n<p><a href=\"http:\/\/www.tierslivre.net\/ateliers\/author\/fdurif\/\">Fran\u00e7oise Durif<\/a><\/p>\n\n\n\n<p><\/p>\n\n\n\n<p class=\"has-large-font-size\">E<\/p>\n\n\n\n<p><a href=\"http:\/\/www.tierslivre.net\/ateliers\/author\/cenuset\/\">Claude Enuset<\/a><\/p>\n\n\n\n<p><\/p>\n\n\n\n<p><a href=\"http:\/\/www.tierslivre.net\/ateliers\/author\/ceschenbrenner\/\">Christine Eschenbrenner<\/a><\/p>\n\n\n\n<p><a href=\"http:\/\/www.tierslivre.net\/ateliers\/author\/mespinasse\/\">Monika Espinasse<\/a><\/p>\n\n\n\n<p class=\"has-large-font-size\">F<br><\/p>\n\n\n\n<p><a href=\"http:\/\/www.tierslivre.net\/ateliers\/author\/mferrand\/\">Marc Ferrand<\/a><\/p>\n\n\n\n<p><a href=\"http:\/\/www.tierslivre.net\/ateliers\/author\/flegolvan\/\">Flegolvan<\/a><\/p>\n\n\n\n<p><a href=\"http:\/\/www.tierslivre.net\/ateliers\/author\/katellf\/\">Katell Floc&rsquo;h<\/a><\/p>\n\n\n\n<p><\/p>\n\n\n\n<p><a href=\"http:\/\/www.tierslivre.net\/ateliers\/author\/sandrinef\/\">Sandrine Fortina<\/a><\/p>\n\n\n\n<p><a href=\"http:\/\/www.tierslivre.net\/ateliers\/author\/dfournier\/\">Danielle Fournier<\/a><\/p>\n\n\n\n<p><\/p>\n\n\n\n<p><a href=\"http:\/\/www.tierslivre.net\/ateliers\/author\/vfrancey\/\">Vincent Francey<\/a><\/p>\n\n\n\n<p><\/p>\n\n\n\n<p class=\"has-large-font-size\">G<\/p>\n\n\n\n<p><a href=\"http:\/\/www.tierslivre.net\/ateliers\/author\/xgalaup\/\">Xavier Galaup<\/a><\/p>\n\n\n\n<p><\/p>\n\n\n\n<p><a href=\"http:\/\/www.tierslivre.net\/ateliers\/author\/agentil\/\">Antoine Gentil<\/a><\/p>\n\n\n\n<p><a href=\"http:\/\/www.tierslivre.net\/ateliers\/author\/xgeorgin\/\">Xavier Georgin<\/a><\/p>\n\n\n\n<p><\/p>\n\n\n\n<p><a href=\"http:\/\/www.tierslivre.net\/ateliers\/author\/francoiseg\/\">Fran\u00e7oise G\u00e9rard<\/a><\/p>\n\n\n\n<p><\/p>\n\n\n\n<p><a href=\"http:\/\/www.tierslivre.net\/ateliers\/author\/dgodardlivet\/\">Dani\u00e8le Godard-Livet<\/a><\/p>\n\n\n\n<p><a href=\"http:\/\/www.tierslivre.net\/ateliers\/author\/mgola\/\">Marie Gola<\/a><\/p>\n\n\n\n<p><\/p>\n\n\n\n<p><a href=\"http:\/\/www.tierslivre.net\/ateliers\/author\/lgourdon\/\">Laurence Gourdon<\/a><\/p>\n\n\n\n<p><\/p>\n\n\n\n<p><a href=\"http:\/\/www.tierslivre.net\/ateliers\/author\/agrippon\/\">Aristide Grippon<\/a><\/p>\n\n\n\n<p><a href=\"http:\/\/www.tierslivre.net\/ateliers\/author\/aguilloton\/\">Armelle Guilloton<\/a><\/p>\n\n\n\n<p><\/p>\n\n\n\n<p><a href=\"http:\/\/www.tierslivre.net\/ateliers\/author\/xguesnu\/\">Xavier Guesnu<\/a><\/p>\n\n\n\n<p><\/p>\n\n\n\n<p class=\"has-large-font-size\"><br>H<\/p>\n\n\n\n<p><a href=\"http:\/\/www.tierslivre.net\/ateliers\/author\/nholt\/\">Nathalie Holt<\/a><\/p>\n\n\n\n<p><\/p>\n\n\n\n<p><a href=\"http:\/\/www.tierslivre.net\/ateliers\/author\/shutin\/\">Sophie Hutin<\/a><\/p>\n\n\n\n<p><\/p>\n\n\n\n<p class=\"has-large-font-size\">J<\/p>\n\n\n\n<p><a href=\"http:\/\/www.tierslivre.net\/ateliers\/author\/mfroger\/\">Jasione<\/a><\/p>\n\n\n\n<p><\/p>\n\n\n\n<p><a href=\"http:\/\/www.tierslivre.net\/ateliers\/author\/dpety\/\">Dominique Jean<\/a><\/p>\n\n\n\n<p><a href=\"http:\/\/www.tierslivre.net\/ateliers\/author\/cjeanney\/\">Christine Jeanney<\/a><\/p>\n\n\n\n<p><a href=\"http:\/\/www.tierslivre.net\/ateliers\/author\/isajego\/\">Isabelle J\u00e9go<\/a><\/p>\n\n\n\n<p><\/p>\n\n\n\n<p><a href=\"http:\/\/www.tierslivre.net\/ateliers\/author\/ejovencel\/\">Eric Jovencel<\/a><\/p>\n\n\n\n<p><a href=\"http:\/\/www.tierslivre.net\/ateliers\/author\/cjurado\/\">Cathy Jurado<\/a><\/p>\n\n\n\n<p><\/p>\n\n\n\n<p class=\"has-large-font-size\">K<\/p>\n\n\n\n<p><a href=\"http:\/\/www.tierslivre.net\/ateliers\/author\/ckoeckx\/\">Catherine K.<\/a><\/p>\n\n\n\n<p><a href=\"http:\/\/www.tierslivre.net\/ateliers\/author\/benedictebrun\/\">D\u00e9neb Kypros<\/a><\/p>\n\n\n\n<p><\/p>\n\n\n\n<p><\/p>\n\n\n\n<p class=\"has-large-font-size\">L<\/p>\n\n\n\n<p><a href=\"http:\/\/www.tierslivre.net\/ateliers\/author\/flacroix\/\">Fran\u00e7oise Lacroix<\/a><\/p>\n\n\n\n<p><\/p>\n\n\n\n<p><a href=\"http:\/\/www.tierslivre.net\/ateliers\/author\/josephinesales\/\">Jos\u00e9phine Lanesem<\/a> <\/p>\n\n\n\n<p><a href=\"https:\/\/www.tierslivre.net\/ateliers\/author\/lbaudot\/\">Laur\u00e9lia<\/a><\/p>\n\n\n\n<p><a href=\"http:\/\/www.tierslivre.net\/ateliers\/author\/lorenvi\/\">Laurent<\/a><\/p>\n\n\n\n<p><\/p>\n\n\n\n<p><a href=\"http:\/\/www.tierslivre.net\/ateliers\/author\/clegoff\/\">Claire Le Goff<\/a><\/p>\n\n\n\n<p><\/p>\n\n\n\n<p><a href=\"http:\/\/www.tierslivre.net\/ateliers\/author\/cleguelaff\/\">CM Le Guellaff<\/a><\/p>\n\n\n\n<p><a href=\"http:\/\/www.tierslivre.net\/ateliers\/author\/vlemilan\/\">V\u00e9ronique Le Milan<\/a><\/p>\n\n\n\n<p><a href=\"http:\/\/www.tierslivre.net\/ateliers\/author\/catlesaffre\/\">Cat Lesaffre<\/a><\/p>\n\n\n\n<p><\/p>\n\n\n\n<p><a href=\"http:\/\/www.tierslivre.net\/ateliers\/author\/sleseine\/\">Sarah Leseine<\/a><\/p>\n\n\n\n<p><a href=\"http:\/\/www.tierslivre.net\/ateliers\/author\/pliotard\/\">Philippe Liotard<\/a><\/p>\n\n\n\n<p><a href=\"http:\/\/www.tierslivre.net\/ateliers\/author\/dlivet\/\">Dani\u00e8le Livet<\/a><\/p>\n\n\n\n<p><a href=\"http:\/\/www.tierslivre.net\/ateliers\/author\/mehdil\/\">Mehdi Lochard<\/a><\/p>\n\n\n\n<p><\/p>\n\n\n\n<p><a href=\"http:\/\/www.tierslivre.net\/ateliers\/author\/mlondon\/\">Mateo London<\/a><\/p>\n\n\n\n<p><\/p>\n\n\n\n<p class=\"has-large-font-size\">M<\/p>\n\n\n\n<p><a href=\"http:\/\/www.tierslivre.net\/ateliers\/author\/christellem\/\">Christelle M.<\/a><\/p>\n\n\n\n<p><\/p>\n\n\n\n<p><a href=\"http:\/\/www.tierslivre.net\/ateliers\/author\/cmansaud\/\">Christiane Mansaud<\/a><\/p>\n\n\n\n<p><a href=\"http:\/\/www.tierslivre.net\/ateliers\/author\/cmarmonnier\/\">C\u00e9cile Marmonnier<\/a><\/p>\n\n\n\n<p><a href=\"http:\/\/www.tierslivre.net\/ateliers\/author\/emiliem\/\">\u00c9milie Marot<\/a><\/p>\n\n\n\n<p><a href=\"http:\/\/www.tierslivre.net\/ateliers\/author\/amdgard\/\">Agn\u00e8s  Martin du Gard<\/a><\/p>\n\n\n\n<p><\/p>\n\n\n\n<p><a href=\"http:\/\/www.tierslivre.net\/ateliers\/author\/amarty\/\">Aur\u00e9lien Marty<\/a><\/p>\n\n\n\n<p><a href=\"http:\/\/www.tierslivre.net\/ateliers\/author\/dmasson\/\">Danielle Masson<\/a><\/p>\n\n\n\n<p><\/p>\n\n\n\n<p><a href=\"http:\/\/www.tierslivre.net\/ateliers\/author\/tristanmat\/\">Tristan Mat<\/a><\/p>\n\n\n\n<p><a href=\"http:\/\/www.tierslivre.net\/ateliers\/author\/rmmattiani\/\">Rose-Marie Mattiani<\/a><\/p>\n\n\n\n<p><\/p>\n\n\n\n<p><a href=\"http:\/\/www.tierslivre.net\/ateliers\/author\/jmaudet\/\">Josiane Maudet<\/a><\/p>\n\n\n\n<p><\/p>\n\n\n\n<p><a href=\"http:\/\/www.tierslivre.net\/ateliers\/author\/gmaurin\/\">Georges Maurin<\/a><\/p>\n\n\n\n<p><a href=\"http:\/\/www.tierslivre.net\/ateliers\/author\/rceglia\/\">R\u00e9jane Meilley<\/a><\/p>\n\n\n\n<p><\/p>\n\n\n\n<p><a href=\"http:\/\/www.tierslivre.net\/ateliers\/author\/mmichel\/\">Marie Michel<\/a><\/p>\n\n\n\n<p><\/p>\n\n\n\n<p><a href=\"http:\/\/www.tierslivre.net\/ateliers\/author\/adelinem\/\">Anna Miro<\/a><\/p>\n\n\n\n<p><a href=\"http:\/\/www.tierslivre.net\/ateliers\/author\/vmondi\/\">Val\u00e9rie Mondamert<\/a><\/p>\n\n\n\n<p><a href=\"http:\/\/www.tierslivre.net\/ateliers\/author\/vmorisset\/\">Vanessa Morisset<\/a><\/p>\n\n\n\n<p><a href=\"http:\/\/www.tierslivre.net\/ateliers\/author\/mariemoscardini\/\">Marie Moscardini<\/a><\/p>\n\n\n\n<p><\/p>\n\n\n\n<p><\/p>\n\n\n\n<p class=\"has-large-font-size\">N<\/p>\n\n\n\n<p><a href=\"http:\/\/www.tierslivre.net\/ateliers\/author\/annicknay\/\">Annick Nay<\/a><\/p>\n\n\n\n<p><a href=\"http:\/\/www.tierslivre.net\/ateliers\/author\/enicolier\/\">Eric Nicolier<\/a><\/p>\n\n\n\n<p><a href=\"http:\/\/www.tierslivre.net\/ateliers\/author\/jguillemin\/\">Huges Niemel<\/a><\/p>\n\n\n\n<p class=\"has-large-font-size\">O <\/p>\n\n\n\n<p><\/p>\n\n\n\n<p><a href=\"http:\/\/www.tierslivre.net\/ateliers\/author\/cosmont\/\">Carine Osmont<\/a> <\/p>\n\n\n\n<p class=\"has-large-font-size\">P<\/p>\n\n\n\n<p><a href=\"http:\/\/www.tierslivre.net\/ateliers\/author\/jeannecl\/\">Jeanne Paciencia<\/a><\/p>\n\n\n\n<p><a href=\"http:\/\/www.tierslivre.net\/ateliers\/author\/dpaillard\/\">Dominique Paillard<\/a><\/p>\n\n\n\n<p><\/p>\n\n\n\n<p><a href=\"http:\/\/www.tierslivre.net\/ateliers\/author\/upandolfi\/\">Ugo Pandolfi<\/a><\/p>\n\n\n\n<p><a href=\"http:\/\/www.tierslivre.net\/ateliers\/author\/epadac\/\">Etien Papadacci<\/a><\/p>\n\n\n\n<p><a href=\"http:\/\/www.tierslivre.net\/ateliers\/author\/dpaillard\/\">Dominique Paillard<\/a><\/p>\n\n\n\n<p><\/p>\n\n\n\n<p><a href=\"http:\/\/www.tierslivre.net\/ateliers\/author\/jperguet\/\">Jean Perguet<\/a><\/p>\n\n\n\n<p><\/p>\n\n\n\n<p><a href=\"http:\/\/www.tierslivre.net\/ateliers\/author\/cathplee\/\">Catherine Pl\u00e9e<\/a><\/p>\n\n\n\n<p><a href=\"http:\/\/www.tierslivre.net\/ateliers\/author\/spollastri\/\">Sylvie Pollastri<\/a><\/p>\n\n\n\n<p><a href=\"http:\/\/www.tierslivre.net\/ateliers\/author\/antoinettebdc\/\">\u00abpomme\u00bb<\/a><\/p>\n\n\n\n<p><\/p>\n\n\n\n<p><a href=\"http:\/\/www.tierslivre.net\/ateliers\/author\/istapouss\/\">Ista Pouss<\/a><\/p>\n\n\n\n<p><\/p>\n\n\n\n<p><a href=\"http:\/\/www.tierslivre.net\/ateliers\/author\/jpoussin\/\">Jean Poussin<\/a><\/p>\n\n\n\n<p><a href=\"http:\/\/www.tierslivre.net\/ateliers\/author\/annapp\/\">Anna Proto Pisani<\/a><\/p>\n\n\n\n<p><\/p>\n\n\n\n<p><\/p>\n\n\n\n<p class=\"has-large-font-size\">Q<\/p>\n\n\n\n<p><a href=\"http:\/\/www.tierslivre.net\/ateliers\/author\/fqueyraud\/\">Franck Queyraud<\/a><\/p>\n\n\n\n<p class=\"has-large-font-size\">R<\/p>\n\n\n\n<p><a href=\"http:\/\/www.tierslivre.net\/ateliers\/author\/antoineravet\/\">Antoine Ravet<\/a><\/p>\n\n\n\n<p><a href=\"http:\/\/www.tierslivre.net\/ateliers\/author\/giseler\/\">Gis\u00e8le Remone<\/a><\/p>\n\n\n\n<p><a href=\"http:\/\/www.tierslivre.net\/ateliers\/author\/frenaud\/\">Fran\u00e7oise Renaud<\/a><\/p>\n\n\n\n<p><a href=\"http:\/\/www.tierslivre.net\/ateliers\/author\/lrenaudin\/\">Lucie Renaudin<\/a><\/p>\n\n\n\n<p><\/p>\n\n\n\n<p><a href=\"http:\/\/www.tierslivre.net\/ateliers\/author\/mmassart\/\">Ana Ressouche<\/a><\/p>\n\n\n\n<p><a href=\"http:\/\/www.tierslivre.net\/ateliers\/author\/stephanierieu\/\">St\u00e9phanie Rieu<\/a><\/p>\n\n\n\n<p><a href=\"http:\/\/www.tierslivre.net\/ateliers\/author\/jeanyvesr\/\">Jean-Yves Robichon<\/a><\/p>\n\n\n\n<p><a href=\"http:\/\/www.tierslivre.net\/ateliers\/author\/mtollet\/\">Shirin Rooze<\/a><\/p>\n\n\n\n<p><\/p>\n\n\n\n<p class=\"has-large-font-size\">S<\/p>\n\n\n\n<p><a href=\"http:\/\/www.tierslivre.net\/ateliers\/author\/mfsejourne\/\">Marie Sagaie-Douve<\/a><\/p>\n\n\n\n<p><a href=\"http:\/\/www.tierslivre.net\/ateliers\/author\/psahuc\/\">Philippe Sahuc Sa\u00fcc<\/a><\/p>\n\n\n\n<p><a href=\"http:\/\/www.tierslivre.net\/ateliers\/author\/elisabethsm\/\">Elisabeth Saint-Michel<\/a><\/p>\n\n\n\n<p><\/p>\n\n\n\n<p><a href=\"http:\/\/www.tierslivre.net\/ateliers\/author\/marlensauvage\/\">Marlen Sauvage<\/a><\/p>\n\n\n\n<p><a href=\"http:\/\/www.tierslivre.net\/ateliers\/author\/csauvenay\/\">Cyril Sauvenay<\/a><\/p>\n\n\n\n<p><a href=\"http:\/\/www.tierslivre.net\/ateliers\/author\/lschaffter\/\">Laurent Schaffter<\/a><\/p>\n\n\n\n<p><a href=\"http:\/\/www.tierslivre.net\/ateliers\/author\/sserpette\/\">Sylvie Serpette<\/a><\/p>\n\n\n\n<p><\/p>\n\n\n\n<p><a href=\"http:\/\/www.tierslivre.net\/ateliers\/author\/cserre\/\">Catherine Serre<\/a><\/p>\n\n\n\n<p><a href=\"http:\/\/www.tierslivre.net\/ateliers\/author\/fderouineau\/\">Sm\u00e9raldine<\/a><\/p>\n\n\n\n<p><\/p>\n\n\n\n<p><a href=\"http:\/\/www.tierslivre.net\/ateliers\/author\/csohy\/\">Christelle Sohy<\/a><\/p>\n\n\n\n<p><a href=\"http:\/\/www.tierslivre.net\/ateliers\/author\/fsullivan\/\">Fran\u00e7oise Sullivan<\/a><\/p>\n\n\n\n<p><\/p>\n\n\n\n<p><a href=\"http:\/\/www.tierslivre.net\/ateliers\/author\/ebreton\/\">Jeanne Sumac<\/a><\/p>\n\n\n\n<p><\/p>\n\n\n\n<p class=\"has-large-font-size\">T<\/p>\n\n\n\n<p><a href=\"http:\/\/www.tierslivre.net\/ateliers\/author\/jtheillier\/\">Jos\u00e9e Theillier<\/a><\/p>\n\n\n\n<p><a href=\"http:\/\/www.tierslivre.net\/ateliers\/author\/jtholome\/\">J\u00e9r\u00e9mie Tholom\u00e9<\/a><\/p>\n\n\n\n<p><\/p>\n\n\n\n<p><a href=\"http:\/\/www.tierslivre.net\/ateliers\/author\/vtholome\/\">Vincent Tholom\u00e9<\/a><\/p>\n\n\n\n<p><\/p>\n\n\n\n<p><a href=\"http:\/\/www.tierslivre.net\/ateliers\/author\/gtorrens\/\">Guy Torrens<\/a><\/p>\n\n\n\n<p><a href=\"http:\/\/www.tierslivre.net\/ateliers\/author\/leatoto\/\">L\u00e9a Toto<\/a><\/p>\n\n\n\n<p><\/p>\n\n\n\n<p><a href=\"http:\/\/www.tierslivre.net\/ateliers\/author\/mtournier\/\">Mil\u00e8ne Tournier<\/a><\/p>\n\n\n\n<p><a href=\"http:\/\/www.tierslivre.net\/ateliers\/author\/ctran\/\">Chantal Tran<\/a><\/p>\n\n\n\n<p><\/p>\n\n\n\n<p><a href=\"http:\/\/www.tierslivre.net\/ateliers\/author\/jacdeturenne\/\">Jac de Turenne<\/a><\/p>\n\n\n\n<p><\/p>\n\n\n\n<p><\/p>\n\n\n\n<p>U<\/p>\n\n\n\n<p><\/p>\n\n\n\n<p class=\"has-large-font-size\">V<\/p>\n\n\n\n<p><a href=\"http:\/\/www.tierslivre.net\/ateliers\/author\/avanweddingen\/\">Anne V.<\/a><\/p>\n\n\n\n<p><\/p>\n\n\n\n<p><a href=\"http:\/\/www.tierslivre.net\/ateliers\/author\/bbvandevenne\/\">B\u00e9atrice Vandevenne<\/a><\/p>\n\n\n\n<p><\/p>\n\n\n\n<p><a href=\"http:\/\/www.tierslivre.net\/ateliers\/author\/svissac\/\">Solange Vissac<\/a><\/p>\n\n\n\n<p><a href=\"http:\/\/www.tierslivre.net\/ateliers\/author\/catmbo\/\">Gladys Vostok<\/a><\/p>\n\n\n\n<p><\/p>\n\n\n\n<p class=\"has-large-font-size\">W<\/p>\n\n\n\n<p><a href=\"http:\/\/www.tierslivre.net\/ateliers\/author\/swambeke\/\">Simone Wambeke<\/a><\/p>\n\n\n\n<p><a href=\"http:\/\/www.tierslivre.net\/ateliers\/author\/wpaille\/\">Will<\/a><\/p>\n\n\n\n<p><\/p>\n\n\n\n<p>X<\/p>\n\n\n\n<p><\/p>\n\n\n\n<p>Y<\/p>\n\n\n\n<p><a href=\"http:\/\/www.tierslivre.net\/ateliers\/author\/lgormit\/\">Lamya Ygarmaten<\/a><\/p>\n\n\n\n<p><\/p>\n\n\n\n<p><\/p>\n\n\n\n<p><\/p>\n\n\n\n<p>Z<\/p>\n\n\n\n<p><a href=\"http:\/\/www.tierslivre.net\/ateliers\/author\/czottele\/\">Christine Zottele<\/a><\/p>\n\n\n\n<p><\/p>\n\n\n\n<p><\/p>\n","protected":false},"excerpt":{"rendered":"<p>Nota : cet index des autrices &amp; auteurs n&rsquo;est compl\u00e9t\u00e9 qu&rsquo;\u00e0 mesure des premi\u00e8res publications, et non des inscriptions. Site g\u00e9r\u00e9 et atelier propos\u00e9 par Fran\u00e7ois Bon, en cliquant sur sa propre page auteur, la liste des propositions. A Huguette Albernhe Isabelle Alentour Lorette Andersen Delphine Arras Didier Austry B `Fran\u00e7oise B S\u00e9bastien Bailly Jalie Barcilon Marie Barth\u00e9l\u00e9my Alain Bastard <a class=\"more-link\" href=\"https:\/\/www.tierslivre.net\/ateliers\/atelier-index-sommaires\/les-propositions\/autricesauteurs\/\">Continuer la lecture<span class=\"screen-reader-text\">les autrices&#038;auteurs<\/span><span class=\"meta-nav\">&rarr;<\/span><\/a><\/p>\n","protected":false},"author":1,"featured_media":0,"parent":2,"menu_order":0,"comment_status":"closed","ping_status":"closed","template":"","meta":{"h5ap_radio_sources":[],"footnotes":""},"class_list":["post-1101","page","type-page","status-publish","hentry"],"_links":{"self":[{"href":"https:\/\/www.tierslivre.net\/ateliers\/wp-json\/wp\/v2\/pages\/1101","targetHints":{"allow":["GET"]}}],"collection":[{"href":"https:\/\/www.tierslivre.net\/ateliers\/wp-json\/wp\/v2\/pages"}],"about":[{"href":"https:\/\/www.tierslivre.net\/ateliers\/wp-json\/wp\/v2\/types\/page"}],"author":[{"embeddable":true,"href":"https:\/\/www.tierslivre.net\/ateliers\/wp-json\/wp\/v2\/users\/1"}],"replies":[{"embeddable":true,"href":"https:\/\/www.tierslivre.net\/ateliers\/wp-json\/wp\/v2\/comments?post=1101"}],"version-history":[{"count":3,"href":"https:\/\/www.tierslivre.net\/ateliers\/wp-json\/wp\/v2\/pages\/1101\/revisions"}],"predecessor-version":[{"id":61273,"href":"https:\/\/www.tierslivre.net\/ateliers\/wp-json\/wp\/v2\/pages\/1101\/revisions\/61273"}],"up":[{"embeddable":true,"href":"https:\/\/www.tierslivre.net\/ateliers\/wp-json\/wp\/v2\/pages\/2"}],"wp:attachment":[{"href":"https:\/\/www.tierslivre.net\/ateliers\/wp-json\/wp\/v2\/media?parent=1101"}],"curies":[{"name":"wp","href":"https:\/\/api.w.org\/{rel}","templated":true}]}}