{"id":111562,"date":"2023-01-08T10:35:44","date_gmt":"2023-01-08T09:35:44","guid":{"rendered":"https:\/\/www.tierslivre.net\/ateliers\/?page_id=111562"},"modified":"2024-01-29T21:14:12","modified_gmt":"2024-01-29T20:14:12","slug":"index-des-auteurs","status":"publish","type":"page","link":"https:\/\/www.tierslivre.net\/ateliers\/atelier-index-sommaires\/le-double-voyage\/index-des-auteurs\/","title":{"rendered":"index des auteurs"},"content":{"rendered":"\n<pre class=\"wp-block-code\"><code>_ cette page sera compl\u00e9t\u00e9e \u00e0 mesure de vos premi\u00e8res publications dans le cycle, me signaler si oubli !;<br>_ vous \u00eates abonn\u00e9\u00b7e, mais ne disposez pas de login\/mot de passe pour la plateforme? un petit mail au plus vite SVP !<\/code><\/pre>\n\n\n\n<p><strong>A<\/strong><br>_ <a href=\"https:\/\/www.tierslivre.net\/ateliers\/author\/maouezig\/\">Gwenn Abgrall-Servettaz<\/a><br>_ <a href=\"https:\/\/www.tierslivre.net\/ateliers\/author\/halbernhe\/\">Huguette Albernhe<\/a><\/p>\n\n\n\n<p><strong>B<\/strong><br>_ <a href=\"https:\/\/www.tierslivre.net\/ateliers\/author\/hvbarroso\/\">Helena Barroso<\/a><br>_  <a href=\"https:\/\/www.tierslivre.net\/ateliers\/author\/romainbv\/\">Romain Bert Varlez<\/a><br>_ <a href=\"https:\/\/www.tierslivre.net\/ateliers\/author\/pblanchon\/\">Patrick Blanchon<\/a><br>_ <a href=\"https:\/\/www.tierslivre.net\/ateliers\/author\/hboivin\/\">H\u00e9l\u00e8ne Boivin<\/a><br>_ <a href=\"https:\/\/www.tierslivre.net\/ateliers\/author\/cbouillot\/\">C\u00e9cile Bouillot<\/a><br>_ <a href=\"https:\/\/www.tierslivre.net\/ateliers\/author\/sylviab\/\">Sylvia Boumendil<\/a><br>_ <a href=\"https:\/\/www.tierslivre.net\/ateliers\/author\/cbourdeix\/\">Caroline Bourdeix<\/a><br>_ <a href=\"https:\/\/www.tierslivre.net\/ateliers\/author\/mguenon\/\">Muriel Boussarie<\/a><br>_ <a href=\"https:\/\/www.tierslivre.net\/ateliers\/author\/fbreton\/\">Fran\u00e7oise Breton<\/a><\/p>\n\n\n\n<p><strong>C<\/strong><br><br>_ <a href=\"https:\/\/www.tierslivre.net\/ateliers\/author\/mcohen\/\">Mich\u00e8le C.<\/a><br>_ <a href=\"https:\/\/www.tierslivre.net\/ateliers\/author\/rcazanave\/\">Roselyne Cazanave<\/a><br>_ <a href=\"https:\/\/www.tierslivre.net\/ateliers\/author\/brigetoun\/\">Brigitte C\u00e9l\u00e9rier<\/a><br>_ <a href=\"https:\/\/www.tierslivre.net\/ateliers\/author\/isabellec\/\">Isabelle Charreau<\/a><br>_ <a href=\"https:\/\/www.tierslivre.net\/ateliers\/author\/jluc-chovelon\/\">Jean-Luc Chovelon<\/a><br>_ <a href=\"https:\/\/www.tierslivre.net\/ateliers\/author\/pierodebelleville\/\">Piero Cohen-Hadria<\/a><br>_ <a href=\"https:\/\/www.tierslivre.net\/ateliers\/author\/ecordoliani\/\">Emmanuelle Cordoliani<\/a><br>_ <a href=\"https:\/\/www.tierslivre.net\/ateliers\/author\/sandrine-cuzzucoli\/\">Sandrine Cuzzucoli<\/a><\/p>\n\n\n\n<p class=\"has-small-font-size\"><strong>D<\/strong><br>_ <a href=\"https:\/\/www.tierslivre.net\/ateliers\/author\/cdeligny\/\">Christiane Deligny<\/a><br>_ <a href=\"https:\/\/www.instagram.com\/elviredalles\/\">Elise Dellas<\/a><br>_ <a href=\"https:\/\/www.tierslivre.net\/ateliers\/author\/jderimay\/\">Juliette Derimay<\/a><br>_ <a href=\"https:\/\/www.tierslivre.net\/ateliers\/author\/aliced\/\">Alice Diaz<\/a><br>_ <a href=\"https:\/\/www.tierslivre.net\/ateliers\/author\/carolinediaz\/\">Caroline Diaz<\/a><br>_ <a href=\"https:\/\/www.tierslivre.net\/ateliers\/author\/l-diez\/\">Lisa Diez<\/a><br>_  <a href=\"https:\/\/www.tierslivre.net\/ateliers\/author\/ldipietro\/\">Line DP<\/a><br>_ <a href=\"https:\/\/www.tierslivre.net\/ateliers\/author\/bernardd\/\">Bernard Dudoignon<\/a><\/p>\n\n\n\n<p class=\"has-small-font-size\"><strong>E<\/strong><br>_ <a href=\"https:\/\/www.tierslivre.net\/ateliers\/author\/ceschenbrenner\/\">Christine Eschenbrenner<\/a><br>_ <a href=\"https:\/\/www.tierslivre.net\/ateliers\/author\/mespinasse\/\">Monika Espinasse<\/a><br>_ <a href=\"https:\/\/www.tierslivre.net\/ateliers\/author\/dpaillard\/\">Dominique Estampes Paillard<\/a><br>_ <a href=\"https:\/\/www.tierslivre.net\/ateliers\/author\/neuzen\/\">Nolwenn Euzen<\/a><\/p>\n\n\n\n<p class=\"has-small-font-size\"><strong>F<\/strong><br>_ <a href=\"https:\/\/www.tierslivre.net\/ateliers\/author\/lchalon\/\">Francesca<\/a><br>_ <a href=\"https:\/\/www.tierslivre.net\/ateliers\/author\/vfrancey\/\">Vincent Francey<\/a><\/p>\n\n\n\n<p class=\"has-small-font-size\"><strong>G<\/strong><br>_ <a href=\"https:\/\/www.tierslivre.net\/ateliers\/author\/menilorac\/\">Marie-Caroline Gallot<\/a><br>_ <a href=\"https:\/\/www.tierslivre.net\/ateliers\/author\/jmarigar\/\">Jean-Marie Garnier<\/a><br>_ <a href=\"https:\/\/www.tierslivre.net\/ateliers\/author\/xgeorgin\/\">Xavier Georgin<\/a><br>_ <a href=\"https:\/\/www.tierslivre.net\/ateliers\/author\/dgodardlivet\/\">Dani\u00e8le Godard-Livet<\/a><br>_ <a href=\"https:\/\/www.tierslivre.net\/ateliers\/author\/reneec\/\">Betty Gomez<\/a><br>_ <a href=\"https:\/\/www.tierslivre.net\/ateliers\/author\/jmgraas\/\">Jean-Marie Graas<\/a><br>_ <a href=\"https:\/\/www.tierslivre.net\/ateliers\/author\/sophie-grail\/\">Sophie Grail<\/a><br>_ <a href=\"https:\/\/www.tierslivre.net\/ateliers\/author\/fguillaumond\/\">Fran\u00e7oise Guillaumond<\/a><br><br><strong>H<\/strong><br>_ <a href=\"https:\/\/www.tierslivre.net\/ateliers\/author\/morgannm\/\">James Hardy<\/a><br>_ <a href=\"https:\/\/www.tierslivre.net\/ateliers\/author\/amonrouzeau\/\">Alexia H\u00e9cate<\/a><br>_ <a href=\"https:\/\/www.tierslivre.net\/ateliers\/author\/jndrix\/\">Jen Hendrycks<\/a><br>_ <a href=\"https:\/\/www.tierslivre.net\/ateliers\/author\/nholt\/\">Nathalie Holt<\/a><br>_ <a href=\"https:\/\/www.tierslivre.net\/ateliers\/author\/laure-humbel\/\">Laure Humbel<\/a><br><br>I<br><br>J<br><br>K<br><\/p>\n\n\n\n<p class=\"has-small-font-size\"><strong>L<\/strong><br>_ <a href=\"https:\/\/www.tierslivre.net\/ateliers\/author\/slannoye\/\">St\u00e9phanie Lannoye<\/a><br>_ <a href=\"https:\/\/www.tierslivre.net\/ateliers\/author\/llaurent\/\">Liliane Laurent<\/a><br>_ <a href=\"https:\/\/www.tierslivre.net\/ateliers\/author\/bruno-lecat\/\">Bruno Lecat<\/a><br>_ <a href=\"https:\/\/www.tierslivre.net\/ateliers\/author\/pliotard\/\">Philippe Liotard<\/a><br><br><strong>M<\/strong><br>_ <a href=\"https:\/\/www.tierslivre.net\/ateliers\/author\/emiliem\/\">\u00c9milie Marot<\/a><br>_ <a href=\"https:\/\/www.tierslivre.net\/ateliers\/author\/anhmat\/\">Anh Mat<\/a><br>_ <a href=\"https:\/\/www.tierslivre.net\/ateliers\/author\/isabelledm\/\">Isabelle de Montfort<\/a><br>_ <a href=\"https:\/\/www.tierslivre.net\/ateliers\/author\/mariemoscardini\/\">Marie Moscardini<\/a><br><br>N<br><br>O<br><br><strong>P<\/strong><br>_ <a href=\"https:\/\/www.tierslivre.net\/ateliers\/author\/upandolfi\/\">Ugo Pandolfi<\/a><br> _ <a href=\"https:\/\/www.tierslivre.net\/ateliers\/author\/theresedp\/\">Th\u00e9r\u00e8se De Paulis<\/a><br>_ <a href=\"https:\/\/www.tierslivre.net\/ateliers\/author\/mtpeyrin\/\">Marie-Th\u00e9r\u00e8se Peyrin<\/a><br>_ <a href=\"https:\/\/www.tierslivre.net\/ateliers\/author\/lpeyronnet\/\">Laurent Peyronnet<\/a><br>_ <a href=\"https:\/\/www.tierslivre.net\/ateliers\/author\/istapouss\/\">Ista Pouss (Herv\u00e9 Lloire)<\/a><br><br>Q<br><br><strong>R<\/strong><br>_ <a href=\"https:\/\/www.tierslivre.net\/ateliers\/author\/frenaud\/\">Fran\u00e7oise Renaud<\/a><br>_ <a href=\"https:\/\/www.tierslivre.net\/ateliers\/author\/mrenaudeau\/\">Monique Renaudeau<\/a><br><br><strong>S<\/strong><br>_ <a href=\"https:\/\/www.tierslivre.net\/ateliers\/author\/psablonnieres\/\">Pascale Sablonni\u00e8res<\/a><br>_ <a href=\"https:\/\/www.tierslivre.net\/ateliers\/author\/psahuc\/\">Philippe Sahuc Sa\u00fcc<\/a><br>_ <a href=\"https:\/\/www.tierslivre.net\/ateliers\/author\/elisabethsm\/\">Elisabeth Saint-Michel<\/a><br>_ <a href=\"https:\/\/www.tierslivre.net\/ateliers\/author\/oscelo\/\">Olivia Sc\u00e9lo<\/a><br>_ <a href=\"https:\/\/www.tierslivre.net\/ateliers\/author\/eschaaff\/\">\u00c9lodie Schaaff<\/a><br>_ <a href=\"https:\/\/www.tierslivre.net\/ateliers\/author\/cserre\/\">Catherine Serre<\/a><br>_ <a href=\"https:\/\/www.tierslivre.net\/ateliers\/author\/laurent-stratos\/\">Laurent Stratos<\/a><br><br><strong>T<\/strong><br>_ <a href=\"https:\/\/www.tierslivre.net\/ateliers\/author\/marion\/\">Marion T.<\/a><br>_ <a href=\"https:\/\/www.tierslivre.net\/ateliers\/author\/ftanneau\/\">Florent Tanneau<\/a><br>_ <a href=\"https:\/\/www.tierslivre.net\/ateliers\/author\/jtholome\/\">J\u00e9r\u00e9mie Tholom\u00e9<\/a><br>_ <a href=\"https:\/\/www.tierslivre.net\/ateliers\/author\/ctran\/\">Chantal Tran<\/a><br><br>U<\/p>\n\n\n\n<p class=\"has-normal-font-size\"><strong>V<\/strong><br>_ <a href=\"https:\/\/www.tierslivre.net\/ateliers\/author\/lorenvi\/\">Laurent V.<\/a><br>_ <a href=\"https:\/\/www.tierslivre.net\/ateliers\/author\/pvallens\/\">Perle Vallens<\/a><br>_ <a href=\"https:\/\/www.tierslivre.net\/ateliers\/author\/svissac\/\">Solange Vissac<\/a><br><br><strong>W<\/strong><br>_ <a href=\"https:\/\/www.tierslivre.net\/ateliers\/author\/swambeke\/\">Simone Wambeke<\/a><br>_ <a href=\"https:\/\/www.tierslivre.net\/ateliers\/author\/wpaille\/\">Will<\/a><br><br>X<br><br>Y<br><br>Z<br><\/p>\n","protected":false},"excerpt":{"rendered":"<p>A_ Gwenn Abgrall-Servettaz_ Huguette Albernhe B_ Helena Barroso_ Romain Bert Varlez_ Patrick Blanchon_ H\u00e9l\u00e8ne Boivin_ C\u00e9cile Bouillot_ Sylvia Boumendil_ Caroline Bourdeix_ Muriel Boussarie_ Fran\u00e7oise Breton C _ Mich\u00e8le C._ Roselyne Cazanave_ Brigitte C\u00e9l\u00e9rier_ Isabelle Charreau_ Jean-Luc Chovelon_ Piero Cohen-Hadria_ Emmanuelle Cordoliani_ Sandrine Cuzzucoli D_ Christiane Deligny_ Elise Dellas_ Juliette Derimay_ Alice Diaz_ Caroline Diaz_ Lisa Diez_ Line DP_ Bernard Dudoignon <a class=\"more-link\" href=\"https:\/\/www.tierslivre.net\/ateliers\/atelier-index-sommaires\/le-double-voyage\/index-des-auteurs\/\">Continuer la lecture<span class=\"screen-reader-text\">index des auteurs<\/span><span class=\"meta-nav\">&rarr;<\/span><\/a><\/p>\n","protected":false},"author":1,"featured_media":0,"parent":111558,"menu_order":2,"comment_status":"closed","ping_status":"closed","template":"","meta":{"h5ap_radio_sources":[],"footnotes":""},"class_list":["post-111562","page","type-page","status-publish","hentry"],"_links":{"self":[{"href":"https:\/\/www.tierslivre.net\/ateliers\/wp-json\/wp\/v2\/pages\/111562","targetHints":{"allow":["GET"]}}],"collection":[{"href":"https:\/\/www.tierslivre.net\/ateliers\/wp-json\/wp\/v2\/pages"}],"about":[{"href":"https:\/\/www.tierslivre.net\/ateliers\/wp-json\/wp\/v2\/types\/page"}],"author":[{"embeddable":true,"href":"https:\/\/www.tierslivre.net\/ateliers\/wp-json\/wp\/v2\/users\/1"}],"replies":[{"embeddable":true,"href":"https:\/\/www.tierslivre.net\/ateliers\/wp-json\/wp\/v2\/comments?post=111562"}],"version-history":[{"count":3,"href":"https:\/\/www.tierslivre.net\/ateliers\/wp-json\/wp\/v2\/pages\/111562\/revisions"}],"predecessor-version":[{"id":144133,"href":"https:\/\/www.tierslivre.net\/ateliers\/wp-json\/wp\/v2\/pages\/111562\/revisions\/144133"}],"up":[{"embeddable":true,"href":"https:\/\/www.tierslivre.net\/ateliers\/wp-json\/wp\/v2\/pages\/111558"}],"wp:attachment":[{"href":"https:\/\/www.tierslivre.net\/ateliers\/wp-json\/wp\/v2\/media?parent=111562"}],"curies":[{"name":"wp","href":"https:\/\/api.w.org\/{rel}","templated":true}]}}