{"id":154131,"date":"2024-06-13T13:45:11","date_gmt":"2024-06-13T11:45:11","guid":{"rendered":"https:\/\/www.tierslivre.net\/ateliers\/?page_id=154131"},"modified":"2024-09-04T21:32:22","modified_gmt":"2024-09-04T19:32:22","slug":"index-des-autrices-auteurs","status":"publish","type":"page","link":"https:\/\/www.tierslivre.net\/ateliers\/atelier-index-sommaires\/cycle-ete-2024\/index-des-autrices-auteurs\/","title":{"rendered":"index des autrices &amp; auteurs"},"content":{"rendered":"\n<p>_ l&rsquo;index est compl\u00e9t\u00e9 \u00e0 partir de votre premi\u00e8re mise en ligne sur le blog, si erreur, retard ou absence, merci de nous en pr\u00e9venir; <\/p>\n\n\n\n<p class=\"has-normal-font-size\"><strong>A<\/strong><br>_ <a href=\"https:\/\/www.tierslivre.net\/ateliers\/author\/darras\/\">Delphine Arras<\/a> _ <a href=\"https:\/\/www.tierslivre.net\/ftp\/ete2024\/PDF\/ARRAS_DELPHINE.pdf\">PDF<\/a><\/p>\n\n\n\n<p class=\"has-normal-font-size\"><strong>B<\/strong><br>_ <a href=\"https:\/\/www.tierslivre.net\/ateliers\/author\/noellebb\/\">No\u00eblle Baillon<\/a> _ <a href=\"https:\/\/www.tierslivre.net\/ftp\/ete2024\/PDF\/BAILLON_NOELLE.pdf\">PDF<\/a><br>_ <a href=\"https:\/\/www.tierslivre.net\/ateliers\/author\/hvbarroso\/\">Helena Barroso<\/a><br>_ <a href=\"https:\/\/www.tierslivre.net\/ateliers\/author\/graciabp\/\">Gracia Bejjani<\/a> _ <a href=\"https:\/\/www.tierslivre.net\/ftp\/ete2024\/PDF\/BEJJANI_GRACIA.pdf\">PDF<\/a><br>_ <a href=\"https:\/\/www.tierslivre.net\/ateliers\/author\/khedidjabs\/\">Khedidja Berassil<\/a><br>_ <a href=\"https:\/\/www.tierslivre.net\/ateliers\/author\/romainbv\/\">Romain Bert<\/a> _ <a href=\"https:\/\/www.tierslivre.net\/ftp\/ete2024\/PDF\/BERT_ROMAIN.pdf\">PDF<\/a><br>_ <a href=\"https:\/\/www.tierslivre.net\/ateliers\/author\/pblanchon\/\">Patrick Blanchon<\/a><br>_ <a href=\"https:\/\/www.tierslivre.net\/ateliers\/author\/hboivin\/\">H\u00e9l\u00e8ne Boivin<\/a><br>_ <a href=\"https:\/\/www.tierslivre.net\/ateliers\/author\/cbouillot\/\">C\u00e9cile Bouillot<\/a><br>_ <a href=\"https:\/\/www.tierslivre.net\/ateliers\/author\/sylviab\/\">Sylvia Boumendil<\/a><br>_ <a href=\"https:\/\/www.tierslivre.net\/ateliers\/author\/mguenon\/\">Muriel Boussarie<\/a><br>_ <a href=\"https:\/\/www.tierslivre.net\/ateliers\/author\/abrabant\/\">Annick Brabant<\/a><br>_ <a href=\"https:\/\/www.tierslivre.net\/ateliers\/author\/camillec\/\">Camille Br\u00e9chaire<\/a> _ <a href=\"https:\/\/www.tierslivre.net\/ftp\/ete2024\/PDF\/BRECHAIRE_CAMILLE.pdf\">PDF<\/a><br>_ <a href=\"https:\/\/www.tierslivre.net\/ateliers\/author\/fbreton\/\">Fran\u00e7oise Breton<\/a><br>_ <a href=\"https:\/\/www.tierslivre.net\/ateliers\/author\/cburgy\/\">Caroline Burgy<\/a><br>_ <a href=\"https:\/\/www.tierslivre.net\/ateliers\/author\/nbusquant\/\">Nicole Busquant<\/a><br>_ <a href=\"https:\/\/www.tierslivre.net\/ateliers\/author\/sbuttay\/\">St\u00e9phanie Buttay<\/a><\/p>\n\n\n\n<p class=\"has-normal-font-size\"><strong>C<\/strong><br>_ <a href=\"https:\/\/www.tierslivre.net\/ateliers\/author\/mcohen\/\">Mich\u00e8le C<\/a>.<br>_ <a href=\"https:\/\/www.tierslivre.net\/ateliers\/author\/xavier-waechter\/\">Xavier Castanea<\/a><br>_ <a href=\"https:\/\/www.tierslivre.net\/ateliers\/author\/brigetoun\/\">Brigitte C\u00e9l\u00e9rier<\/a><br>_ <a href=\"https:\/\/www.tierslivre.net\/ateliers\/author\/achagnon\/\">Aline Chagnon<\/a><br>_ <a href=\"https:\/\/www.tierslivre.net\/ateliers\/author\/isabellec\/\">Isabelle Charreau<\/a> _ <a href=\"https:\/\/www.tierslivre.net\/ftp\/ete2024\/PDF\/CHARREAU_ISABELLE.pdf\">PDF<\/a> <br>_ <a href=\"https:\/\/www.tierslivre.net\/ateliers\/author\/lchevallier\/\">Laurie Chevallier<\/a> _ <a href=\"https:\/\/www.tierslivre.net\/ftp\/ete2024\/PDF\/CHEVALLIER_LAURIE.pdf\">PDF<\/a><br>_ <a href=\"https:\/\/www.tierslivre.net\/ateliers\/author\/jluc-chovelon\/\">Jean-Luc Chovelon<\/a> _ <a href=\"https:\/\/www.tierslivre.net\/ftp\/ete2024\/PDF\/CHOVELON_JEAN-LUC.pdf\">PDF<\/a><br>_ <a href=\"https:\/\/www.tierslivre.net\/ateliers\/prologue-sang-rouge\/\">Piero Cohen-Hadria<\/a> _ <a href=\"https:\/\/www.tierslivre.net\/ftp\/ete2024\/PDF\/COHEN-HADRIA_PIERO.pdf\">PDF<\/a><br>_ <a href=\"https:\/\/www.tierslivre.net\/ateliers\/author\/ecordoliani\/\">Emmanuelle Cordoliani<\/a><br>_ <a href=\"https:\/\/www.tierslivre.net\/ateliers\/author\/ecourtieu\/\">Emmanuel Courtieu<\/a><\/p>\n\n\n\n<p class=\"has-normal-font-size\"><strong>D<\/strong><br>_ <a href=\"https:\/\/www.tierslivre.net\/ateliers\/author\/ndesmet\/\">Nathalie D.<\/a><br>_ <a href=\"https:\/\/www.tierslivre.net\/ateliers\/author\/lur6nt\/\">Laurent Damerval<\/a><br>_ <a href=\"https:\/\/www.tierslivre.net\/ateliers\/author\/edellas\/\">\u00c9lise Dellas<\/a><br>_ <a href=\"https:\/\/www.tierslivre.net\/ateliers\/author\/jderimay\/\">Juliette Derimay<\/a><br>_ <a href=\"https:\/\/www.tierslivre.net\/ateliers\/author\/l-diez\/\">Lisa Diez<\/a> <br>_ <a href=\"https:\/\/www.tierslivre.net\/ateliers\/author\/ldipietro\/\">Line DP<\/a><br>_ <a href=\"https:\/\/www.tierslivre.net\/ateliers\/author\/lyd\/\">L\u00e9a Djenadi<\/a><br>_ <a href=\"https:\/\/www.tierslivre.net\/ateliers\/author\/claudine-dozoul\/\">Claudine Dozoul<\/a><br>_ <a href=\"https:\/\/www.tierslivre.net\/ateliers\/author\/bernardd\/\">Bernard Dudoignon<\/a><br>_ <a href=\"https:\/\/www.tierslivre.net\/ateliers\/author\/nrodot\/\">M<\/a><a href=\"https:\/\/www.tierslivre.net\/ateliers\/author\/mdumont\/\">onica Dumont<\/a><\/p>\n\n\n\n<p class=\"has-normal-font-size\"><strong>E<\/strong><br>_ <a href=\"https:\/\/www.tierslivre.net\/ateliers\/author\/cenuset\/\">Claude Enuset<\/a><br>_ <a href=\"https:\/\/www.tierslivre.net\/ateliers\/author\/ceschenbrenner\/\">Christine Eschenbrenner<\/a><br>_ <a href=\"https:\/\/www.tierslivre.net\/ateliers\/author\/mespinasse\/\">Monika Espinasse<\/a><br>_ <a href=\"https:\/\/www.tierslivre.net\/ateliers\/author\/neuzen\/\">Nolwenn Euzen<\/a><\/p>\n\n\n\n<p class=\"has-normal-font-size\"><strong>F<\/strong><br>_ <a href=\"https:\/\/www.tierslivre.net\/ateliers\/author\/gflaven\/\">Genevi\u00e8ve Flaven<\/a><br>_ <a href=\"https:\/\/www.tierslivre.net\/ateliers\/author\/vfrancey\/\">Vincent Francey<\/a> _ <a href=\"https:\/\/www.tierslivre.net\/ftp\/ete2024\/PDF\/FRANCEY_VINCENT.pdf\">PDF<\/a><br>_ <a href=\"https:\/\/www.tierslivre.net\/ateliers\/author\/culturezen\/\">\u00c8ve Fran\u00e7ois<\/a> _ <a href=\"https:\/\/www.tierslivre.net\/ftp\/ete2024\/PDF\/FRANCOIS_EVE.pdf\">PDF<\/a><\/p>\n\n\n\n<p class=\"has-normal-font-size\"><strong>G<\/strong><br>_ <a href=\"https:\/\/www.tierslivre.net\/ateliers\/author\/menilorac\/\">Marie-Caroline Gallot<\/a><br>_ <a href=\"https:\/\/www.tierslivre.net\/ateliers\/author\/ireneg\/\">Ir\u00e8ne Garmendia<\/a><br>_ <a href=\"https:\/\/www.tierslivre.net\/ateliers\/author\/jmarigar\/\">Jean-Marie Garnier<\/a> _ <a href=\"https:\/\/www.tierslivre.net\/ftp\/ete2024\/PDF\/GARNIER_JEAN-MARIE.pdf\">PDF<\/a><br>_ <a href=\"https:\/\/www.tierslivre.net\/ateliers\/author\/yasmineg\/\">Yasmine Gemayel<\/a><br>_ <a href=\"https:\/\/www.tierslivre.net\/ateliers\/author\/dgodardlivet\/\">Dani\u00e8le Godard-Livet<\/a><br>_ <a href=\"https:\/\/www.tierslivre.net\/ateliers\/author\/reneec\/\">Betty Gomez<\/a> _ <a href=\"https:\/\/www.tierslivre.net\/ftp\/ete2024\/PDF\/GOMEZ_BETTY.pdf\">PDF<\/a><br>_ <a href=\"https:\/\/www.tierslivre.net\/ateliers\/author\/gildag\/\">Gilda Gonfier<\/a> _ <a href=\"https:\/\/www.tierslivre.net\/ftp\/ete2024\/PDF\/GONFIER_GILDA.pdf\">PDF<\/a><br>_ <a href=\"https:\/\/www.tierslivre.net\/ateliers\/author\/jmgraas\/\">Jean-Marie Graas<\/a><br>_ <a href=\"https:\/\/www.tierslivre.net\/ateliers\/author\/sophie-grail\/\">Sophie Grail<\/a><br>_ <a href=\"https:\/\/www.tierslivre.net\/ateliers\/author\/fguillaumond\/\">Fran\u00e7oise Guillaumond<\/a> _<a href=\"https:\/\/www.tierslivre.net\/ftp\/ete2024\/PDF\/GUILLAUMOND_FRANCOISE.pdf\">PDF<\/a><br><\/p>\n\n\n\n<p class=\"has-normal-font-size\"><strong>H<\/strong><br>_ <a href=\"https:\/\/www.tierslivre.net\/ateliers\/author\/vhanet\/\">Virginie Hanet<\/a> _ <a href=\"https:\/\/www.tierslivre.net\/ftp\/ete2024\/PDF\/HANET_VIRGINIE.pdf\">PDF<\/a><br>_ <a href=\"https:\/\/www.tierslivre.net\/ateliers\/author\/morgannm\/\">James Hardy<\/a><br>_ <a href=\"https:\/\/www.tierslivre.net\/ateliers\/author\/jndrix\/\">Jen Hendrycks<\/a><br>_ <a href=\"https:\/\/www.tierslivre.net\/ateliers\/author\/shertig\/\">Sandrine Hertig<\/a><br>_ <a href=\"https:\/\/www.tierslivre.net\/ateliers\/author\/nholt\/\">Nathalie Holt<\/a> _ <a href=\"https:\/\/www.tierslivre.net\/ftp\/ete2024\/PDF\/HOLT_NATHALIE.pdf\">PDF<\/a><br>_ <a href=\"https:\/\/www.tierslivre.net\/ateliers\/author\/laure-humbel\/\">Laure Humbel<\/a> _<a href=\"https:\/\/www.tierslivre.net\/ftp\/ete2024\/PDF\/HUMBEL_LAURE.pdf\">PDF<\/a><\/p>\n\n\n\n<p class=\"has-normal-font-size\"><strong>I<\/strong><br>_ <a href=\"https:\/\/www.tierslivre.net\/ateliers\/author\/rinterlegator\/\">Raymonde Interlegator<\/a><\/p>\n\n\n\n<p class=\"has-normal-font-size\"><strong>J<\/strong><br>_ <a href=\"https:\/\/www.tierslivre.net\/ateliers\/author\/sjaussi\/\">Sophie Jaussi<\/a> _ <a href=\"https:\/\/www.tierslivre.net\/ftp\/ete2024\/PDF\/JAUSSI_SOPHIE.pdf\">PDF<\/a><br>_ <a href=\"https:\/\/www.tierslivre.net\/ateliers\/author\/cjeanney\/\">Christine Jeanney<\/a> _ <a href=\"https:\/\/www.tierslivre.net\/ftp\/ete2024\/PDF\/JEANNEY_CHRISTINE.pdf\">PDF<\/a><\/p>\n\n\n\n<p class=\"has-normal-font-size\"><strong>K<\/strong><br>_ <a href=\"https:\/\/www.tierslivre.net\/ateliers\/author\/emilika\/\">\u00c9milie Kah<\/a> _ <a href=\"https:\/\/www.tierslivre.net\/ftp\/ete2024\/PDF\/KAH_EMILIE.pdf\">PDF<\/a><\/p>\n\n\n\n<p class=\"has-normal-font-size\"><strong>L<\/strong><br>_ <a href=\"https:\/\/www.tierslivre.net\/ateliers\/author\/jeanyvesl\/\">Jean-Yves Leborgne<\/a><br>_ <a href=\"https:\/\/www.tierslivre.net\/ateliers\/author\/clegoff\/\">Claire Le Goff<\/a><br>_ <a href=\"https:\/\/www.tierslivre.net\/ateliers\/author\/nolwennl\/\">Nolwenn Letanoux<\/a> _ <a href=\"https:\/\/www.tierslivre.net\/ftp\/ete2024\/PDF\/LETANOUX_NOLWENN.pdf\">PDF<\/a><br>_ <a href=\"https:\/\/www.tierslivre.net\/ateliers\/author\/pliotard\/\">Philippe Liotard<\/a> _ <a href=\"https:\/\/www.tierslivre.net\/ftp\/ete2024\/PDF\/LIOTARD_PHILIPPE.pdf\">PDF<\/a><\/p>\n\n\n\n<p class=\"has-normal-font-size\"><strong>M<\/strong><br>_ <a href=\"https:\/\/www.tierslivre.net\/ateliers\/author\/amonrouzeau\/\">Alexia M<\/a><br>_ <a href=\"https:\/\/www.tierslivre.net\/ateliers\/author\/cmarmonnier\/\">C\u00e9cile Marmonnier<\/a> _ <a href=\"https:\/\/www.tierslivre.net\/ftp\/ete2024\/PDF\/MARMONNIER_CECILE.pdf\">PDF<\/a><br>_ <a href=\"https:\/\/www.tierslivre.net\/ateliers\/author\/emiliem\/\">\u00c9milie Marot<\/a> _ <a href=\"https:\/\/www.tierslivre.net\/ftp\/ete2024\/PDF\/MAROT_EMILIE.pdf\">PDF<\/a><br>_ <a href=\"https:\/\/www.tierslivre.net\/ateliers\/author\/clarencem\/\">Clarence Massiani<\/a> _ <a href=\"https:\/\/www.tierslivre.net\/ftp\/ete2024\/PDF\/MASSIANI_CLARENCE.pdf\">PDF<\/a><br>_ <a href=\"https:\/\/www.tierslivre.net\/ateliers\/author\/anhmat\/\">Anh Mat<\/a><br>_ <a href=\"https:\/\/www.tierslivre.net\/ateliers\/author\/tristanmat\/\">Tristan Mat<\/a> _ <a href=\"https:\/\/www.tierslivre.net\/ftp\/ete2024\/PDF\/MAT_TRISTAN.pdf\">PDF<\/a><br>_ <a href=\"https:\/\/www.tierslivre.net\/ateliers\/author\/vmondi\/\">Val\u00e9rie Mondamert<\/a> <br>_ <a href=\"https:\/\/www.tierslivre.net\/ateliers\/author\/isabelledm\/\">Isabelle de Montfort<\/a><br>_ <a href=\"https:\/\/www.tierslivre.net\/ateliers\/author\/mariemoscardini\/\">Marie Moscardini<\/a> _ <a href=\"https:\/\/www.tierslivre.net\/ftp\/ete2024\/PDF\/MOSCARDINI_MARIE.pdf\">PDF<\/a><\/p>\n\n\n\n<p class=\"has-normal-font-size\"><strong>N<\/strong><br>_ <a href=\"https:\/\/www.tierslivre.net\/ateliers\/author\/annicknay\/\">Annick Nay<\/a><\/p>\n\n\n\n<p class=\"has-normal-font-size\"><strong>P<\/strong><br>_ <a href=\"https:\/\/www.tierslivre.net\/ateliers\/author\/apaupe\/\">Anne P<\/a><br>_ <a href=\"https:\/\/www.tierslivre.net\/ateliers\/author\/upandolfi\/\">Ugo Pandolfi<\/a> _ <a href=\"https:\/\/www.tierslivre.net\/ftp\/ete2024\/PDF\/PANDOLFI_UGO.pdf\">PDF<\/a><br>_ <a href=\"https:\/\/www.tierslivre.net\/ateliers\/author\/cpasqualino\/\">Caterina Pasqualino<\/a><br>_ <a href=\"https:\/\/www.tierslivre.net\/ateliers\/author\/theresedp\/\">Th\u00e9r\u00e8se de Paulis<\/a> _ <a href=\"https:\/\/www.tierslivre.net\/ftp\/ete2024\/PDF\/DE_PAULIS_THERESE.pdf\">PDF<\/a><br>_ <a href=\"https:\/\/www.tierslivre.net\/ateliers\/author\/mtpeyrin\/\">Marie-Th\u00e9r\u00e8se Peyrin<\/a><br>_ <a href=\"https:\/\/www.tierslivre.net\/ateliers\/author\/cathplee\/\">Catherine Pl\u00e9e<\/a><br>_ <a href=\"https:\/\/www.tierslivre.net\/ateliers\/author\/cpoirier\/\">Carole Poirier<\/a> _ <a href=\"https:\/\/www.tierslivre.net\/ftp\/ete2024\/PDF\/POIRIER_CAROLE.pdf\">PDF<\/a><br>_ <a href=\"https:\/\/www.tierslivre.net\/ateliers\/author\/annapp\/\">Anna Proto Pisani<\/a><br>_ <a href=\"https:\/\/www.tierslivre.net\/ateliers\/author\/cpuertas\/\">Charlotte Puertas<\/a> <\/p>\n\n\n\n<p><strong>R<\/strong><br>_ <a href=\"https:\/\/www.tierslivre.net\/ateliers\/author\/frenaud\/\">Fran\u00e7oise Renaud<\/a> _ <a href=\"https:\/\/www.tierslivre.net\/ftp\/ete2024\/PDF\/RENAUD_FRANCOISE.pdf\">PDF<\/a><\/p>\n\n\n\n<p class=\"has-normal-font-size\"><strong>S<\/strong><br>_ <a href=\"https:\/\/www.tierslivre.net\/ateliers\/author\/marlensauvage\/\">Marlen Sauvage<\/a> _ <a href=\"https:\/\/www.tierslivre.net\/ftp\/ete2024\/PDF\/SAUVAGE_MARLEN.pdf\">PDF<\/a> <br>_ <a href=\"https:\/\/www.tierslivre.net\/ateliers\/author\/fsavarit\/\">Fabienne Savarit<\/a><br>_ <a href=\"https:\/\/www.tierslivre.net\/ateliers\/author\/oscelo\/\">Olivia Sc\u00e9lo<\/a><br>_ <a href=\"https:\/\/www.tierslivre.net\/ateliers\/author\/sserpette\/\">Sylvie Serpette<\/a><br>_ <a href=\"https:\/\/www.tierslivre.net\/ateliers\/author\/cserre\/\">Catherine Serre<\/a><br>_ <a href=\"https:\/\/www.tierslivre.net\/ateliers\/author\/laurent-stratos\/\">Laurent Stratos<\/a><\/p>\n\n\n\n<p class=\"has-normal-font-size\"><strong>T<\/strong><br>_ <a href=\"https:\/\/www.tierslivre.net\/ateliers\/author\/camillec\/\">Camille T.<\/a><br>_ <a href=\"https:\/\/www.tierslivre.net\/ateliers\/author\/nrodot\/\">Pedro Tarel<\/a><br>_ <a href=\"https:\/\/www.tierslivre.net\/ateliers\/author\/ftastet\/\">Fran\u00e7ois Tastet<\/a> _ <a href=\"https:\/\/www.tierslivre.net\/ftp\/ete2024\/PDF\/TASTET_FRANCOIS.pdf\">PDF<\/a><br>_ <a href=\"https:\/\/www.tierslivre.net\/ateliers\/author\/ctemstet\/\">Carole Temstet<\/a> _ <a href=\"https:\/\/www.tierslivre.net\/ftp\/ete2024\/PDF\/TEMSTET_CAROLE.pdf\" data-type=\"link\" data-id=\"https:\/\/www.tierslivre.net\/ftp\/ete2024\/PDF\/TEMSTET_CAR\">PDF<\/a><br>_ <a href=\"https:\/\/www.tierslivre.net\/ateliers\/author\/ctran\/\">Chantal Tran<\/a><br>_ <a href=\"https:\/\/www.tierslivre.net\/ateliers\/author\/jacdeturenne\/\">Jacques de Turenne<\/a> _ <a href=\"https:\/\/www.tierslivre.net\/ftp\/ete2024\/PDF\/DE_TURENNE_JACQUES.pdf\">PDF<\/a><br>_ <a href=\"https:\/\/www.tierslivre.net\/ateliers\/author\/marietutello\/\">Marie Tutello<\/a><\/p>\n\n\n\n<p class=\"has-normal-font-size\"><strong>V<\/strong><br>_ <a href=\"https:\/\/www.tierslivre.net\/ateliers\/author\/pvallens\/\">Perle Vallens<\/a><br>_ <a href=\"https:\/\/www.tierslivre.net\/ateliers\/author\/isabellev\/\">Isabelle Vauquois<\/a> _ <a href=\"https:\/\/www.tierslivre.net\/ftp\/ete2024\/PDF\/VAUQUOIS_ISABELLE.pdf\">PDF<\/a><br>_ <a href=\"https:\/\/www.tierslivre.net\/ateliers\/author\/svissac\/\">Solange Vissac<\/a><\/p>\n\n\n\n<p class=\"has-normal-font-size\"><strong>W<\/strong><br>_ <a href=\"https:\/\/www.tierslivre.net\/ateliers\/author\/swambeke\/\">Simone Wambeke<\/a><br>_ <a href=\"https:\/\/www.tierslivre.net\/ateliers\/author\/wpaille\/\">Will<\/a><\/p>\n\n\n\n<p class=\"has-normal-font-size\"><strong>Y<\/strong><br>_ <a href=\"https:\/\/www.tierslivre.net\/ateliers\/author\/natachay\/\">Natacha Y<\/a><br>_ <a href=\"https:\/\/www.tierslivre.net\/ateliers\/author\/soleney\/\">Sol\u00e8ne Yu<\/a><\/p>\n\n\n\n<p><\/p>\n","protected":false},"excerpt":{"rendered":"<p>_ l&rsquo;index est compl\u00e9t\u00e9 \u00e0 partir de votre premi\u00e8re mise en ligne sur le blog, si erreur, retard ou absence, merci de nous en pr\u00e9venir; A_ Delphine Arras _ PDF B_ No\u00eblle Baillon _ PDF_ Helena Barroso_ Gracia Bejjani _ PDF_ Khedidja Berassil_ Romain Bert _ PDF_ Patrick Blanchon_ H\u00e9l\u00e8ne Boivin_ C\u00e9cile Bouillot_ Sylvia Boumendil_ Muriel Boussarie_ Annick Brabant_ Camille <a class=\"more-link\" href=\"https:\/\/www.tierslivre.net\/ateliers\/atelier-index-sommaires\/cycle-ete-2024\/index-des-autrices-auteurs\/\">Continuer la lecture<span class=\"screen-reader-text\">index des autrices &amp; auteurs<\/span><span class=\"meta-nav\">&rarr;<\/span><\/a><\/p>\n","protected":false},"author":1,"featured_media":0,"parent":154124,"menu_order":2,"comment_status":"closed","ping_status":"closed","template":"","meta":{"h5ap_radio_sources":[],"footnotes":""},"class_list":["post-154131","page","type-page","status-publish","hentry"],"_links":{"self":[{"href":"https:\/\/www.tierslivre.net\/ateliers\/wp-json\/wp\/v2\/pages\/154131","targetHints":{"allow":["GET"]}}],"collection":[{"href":"https:\/\/www.tierslivre.net\/ateliers\/wp-json\/wp\/v2\/pages"}],"about":[{"href":"https:\/\/www.tierslivre.net\/ateliers\/wp-json\/wp\/v2\/types\/page"}],"author":[{"embeddable":true,"href":"https:\/\/www.tierslivre.net\/ateliers\/wp-json\/wp\/v2\/users\/1"}],"replies":[{"embeddable":true,"href":"https:\/\/www.tierslivre.net\/ateliers\/wp-json\/wp\/v2\/comments?post=154131"}],"version-history":[{"count":3,"href":"https:\/\/www.tierslivre.net\/ateliers\/wp-json\/wp\/v2\/pages\/154131\/revisions"}],"predecessor-version":[{"id":170713,"href":"https:\/\/www.tierslivre.net\/ateliers\/wp-json\/wp\/v2\/pages\/154131\/revisions\/170713"}],"up":[{"embeddable":true,"href":"https:\/\/www.tierslivre.net\/ateliers\/wp-json\/wp\/v2\/pages\/154124"}],"wp:attachment":[{"href":"https:\/\/www.tierslivre.net\/ateliers\/wp-json\/wp\/v2\/media?parent=154131"}],"curies":[{"name":"wp","href":"https:\/\/api.w.org\/{rel}","templated":true}]}}