{"id":170985,"date":"2024-09-14T09:15:25","date_gmt":"2024-09-14T07:15:25","guid":{"rendered":"https:\/\/www.tierslivre.net\/ateliers\/?page_id=170985"},"modified":"2024-11-12T13:39:13","modified_gmt":"2024-11-12T12:39:13","slug":"vers-une-ecopoetique-lindex-des-auteurs","status":"publish","type":"page","link":"https:\/\/www.tierslivre.net\/ateliers\/atelier-index-sommaires\/vers-une-ecopoetique\/vers-une-ecopoetique-lindex-des-auteurs\/","title":{"rendered":"vers une \u00e9copo\u00e9tique, l&rsquo;index des auteurs"},"content":{"rendered":"\n<blockquote class=\"wp-block-quote is-layout-flow wp-block-quote-is-layout-flow\">\n<p>\u2022 l&rsquo;index alphab\u00e9tique des auteurs est compl\u00e9t\u00e9 \u00e0 mesure de vos premi\u00e8res contributions au cycle \u2013 si retard, oubli ou lien erron\u00e9 merci pr\u00e9venir ;<br>\u2022 on rappelle que l&rsquo;ensemble des contributions publi\u00e9es sur cette plateforme, ainsi que ses sommaires et index, n&rsquo;est pas d\u00e9tectable ni archiv\u00e9 par Google (ou autres moteurs de recherche);<br>\u2022 merci \u00e0 nos nouveaux abonn\u00e9s \u00abateliers\u00bb ne disposant pas encore d&rsquo;acc\u00e8s \u00e0 ce WordPress de nous pr\u00e9venir par petit mail, on cr\u00e9e dans l&rsquo;heure !<\/p>\n<\/blockquote>\n\n\n\n<p>A<\/p>\n\n\n\n<p><strong>B<\/strong><br><a href=\"https:\/\/www.tierslivre.net\/ateliers\/author\/noellebb\/\">No\u00eblle Baillon<\/a><br><a href=\"https:\/\/www.tierslivre.net\/ateliers\/author\/khedidjabs\/\">Khedidja Berassil<\/a><br><a href=\"https:\/\/www.tierslivre.net\/ateliers\/author\/romainbv\/\">Romain Bert<\/a><br><a href=\"https:\/\/www.tierslivre.net\/ateliers\/author\/pblanchon\/\">Patrick Blanchon<\/a><br><a href=\"https:\/\/www.tierslivre.net\/ateliers\/author\/sbobin\/\">Samuel Bobin<\/a><br><a href=\"https:\/\/www.tierslivre.net\/ateliers\/author\/hboivin\/\">H\u00e9l\u00e8ne Boivin<\/a><\/p>\n\n\n\n<p><strong>C<\/strong><br><a href=\"https:\/\/www.tierslivre.net\/ateliers\/author\/brigetoun\/\">Brigitte C\u00e9l\u00e9rier<\/a><br><a href=\"https:\/\/www.tierslivre.net\/ateliers\/author\/isabellec\/\">Isabelle Charreau<\/a><br><a href=\"https:\/\/www.tierslivre.net\/ateliers\/author\/jluc-chovelon\/\">Jean-Luc Chovelon<\/a><br><a href=\"https:\/\/www.tierslivre.net\/ateliers\/author\/mcohen\/\">Mich\u00e8le Cohen<\/a><br><a href=\"https:\/\/www.tierslivre.net\/ateliers\/author\/pierodebelleville\/\">Piero Cohen-Hadria<\/a><br><a href=\"https:\/\/www.tierslivre.net\/ateliers\/author\/ecordoliani\/\">Emmanuelle Cordoliani<\/a><\/p>\n\n\n\n<p><strong>D<\/strong><br><a href=\"https:\/\/www.tierslivre.net\/ateliers\/author\/edellas\/\">Elise Dellas<\/a><br><a href=\"https:\/\/www.tierslivre.net\/ateliers\/author\/adejardin\/\">Anne Dejardin<\/a><br><a href=\"https:\/\/www.tierslivre.net\/ateliers\/author\/jderimay\/\">Juliette Derimay<\/a><br><a href=\"https:\/\/www.tierslivre.net\/ateliers\/author\/ddesplan\/\">Dominique Desplan-Ludim<\/a><br><a href=\"https:\/\/www.tierslivre.net\/ateliers\/author\/lyd\/\">L\u00e9a Yasmine Djenaddi<\/a><br><a href=\"https:\/\/www.tierslivre.net\/ateliers\/author\/bernardd\/\">Bernard Dudoignon<\/a><br><a href=\"https:\/\/www.tierslivre.net\/ateliers\/author\/jdurand\/\">Julien Durand<\/a><\/p>\n\n\n\n<p><strong>E<\/strong><br><a href=\"https:\/\/www.tierslivre.net\/ateliers\/author\/ceschenbrenner\/\">Christine Eschenbrenner<\/a><br><a href=\"https:\/\/www.tierslivre.net\/ateliers\/author\/neuzen\/\">Nolwenn Euzen<\/a><\/p>\n\n\n\n<p>F<\/p>\n\n\n\n<p><strong>G<\/strong><br><a href=\"https:\/\/www.tierslivre.net\/ateliers\/author\/dgodardlivet\/\">Dani\u00e8le Godard-Livet<\/a><br><a href=\"https:\/\/www.tierslivre.net\/ateliers\/author\/reneec\/\">Betty Gomez<\/a><\/p>\n\n\n\n<p><strong>H<\/strong><br><a href=\"https:\/\/www.tierslivre.net\/ateliers\/author\/nholt\/\">Nathalie Holt<\/a><\/p>\n\n\n\n<p><strong>I<\/strong><br><a href=\"https:\/\/www.tierslivre.net\/ateliers\/author\/rinterlegator\/\">Raymonde Interlegator<\/a><\/p>\n\n\n\n<p><\/p>\n\n\n\n<p><strong>M<\/strong><br><a href=\"https:\/\/www.tierslivre.net\/ateliers\/author\/emiliem\/\">\u00c9milie Marot<\/a><br><a href=\"https:\/\/www.tierslivre.net\/ateliers\/author\/tristanmat\/\">Tristan Mat<\/a><br><a href=\"https:\/\/www.tierslivre.net\/ateliers\/author\/vmondi\/\">Val\u00e9rie Mondamert<\/a><br><a href=\"https:\/\/www.tierslivre.net\/ateliers\/author\/isabelledm\/\">Isabelle de Montfort<\/a><br><a href=\"https:\/\/www.tierslivre.net\/ateliers\/author\/mariemoscardini\/\">Marie Moscardini<\/a><\/p>\n\n\n\n<p><\/p>\n\n\n\n<p><strong>P<\/strong><br><a href=\"https:\/\/www.tierslivre.net\/ateliers\/author\/upandolfi\/\">Ugo Pandolfi<\/a><br><a href=\"https:\/\/www.tierslivre.net\/ateliers\/author\/mtpeyrin\/\">Marie-Th\u00e9r\u00e8se Peyrin<\/a><br><a href=\"https:\/\/www.tierslivre.net\/ateliers\/author\/cathplee\/\">Catherine Pl\u00e9e<\/a><br><a href=\"https:\/\/www.tierslivre.net\/ateliers\/author\/cpoirier\/\">Carole Poirier<\/a><\/p>\n\n\n\n<p><\/p>\n\n\n\n<p><strong>R<\/strong><br><a href=\"https:\/\/www.tierslivre.net\/ateliers\/author\/frenaud\/\">Fran\u00e7oise Renaud<\/a><br><a href=\"https:\/\/www.tierslivre.net\/ateliers\/author\/sruffier\/\">St\u00e9phanie Ruffier<\/a><\/p>\n\n\n\n<p><strong>S<\/strong><br><a href=\"https:\/\/www.tierslivre.net\/ateliers\/author\/psahuc\/\">Philippe Sahuc Sa\u00fcc<\/a><br><a href=\"https:\/\/www.tierslivre.net\/ateliers\/author\/marlensauvage\/\">Marlen Sauvage<\/a><br><a href=\"https:\/\/www.tierslivre.net\/ateliers\/author\/oscelo\/\">Olivia Sc\u00e9lo<\/a><br><a href=\"https:\/\/www.tierslivre.net\/ateliers\/author\/laurent-stratos\/\">Laurent Stratos<\/a><\/p>\n\n\n\n<p><strong>T<\/strong><br><a href=\"https:\/\/www.tierslivre.net\/ateliers\/author\/camillet\/\">Camille T.<\/a><br><a href=\"https:\/\/www.tierslivre.net\/ateliers\/author\/nrodot\/\">Pedro Tarel<\/a><br><a href=\"https:\/\/www.tierslivre.net\/ateliers\/author\/ctemstet\/\">Carole Temstet<\/a><\/p>\n\n\n\n<p>U<\/p>\n\n\n\n<p><strong>V<\/strong><br><a href=\"https:\/\/www.tierslivre.net\/ateliers\/author\/pvallens\/\">Perle Vallens<\/a><br><a href=\"https:\/\/www.tierslivre.net\/ateliers\/author\/isabellev\/\">Isabelle Vauquois<\/a><br><a href=\"https:\/\/www.tierslivre.net\/ateliers\/author\/catherinevg\/\">Catherine Veillon-Guilloux<\/a><br><a href=\"https:\/\/www.tierslivre.net\/ateliers\/author\/svissac\/\">Solange Vissac<\/a><\/p>\n\n\n\n<p><strong>W<\/strong><br><a href=\"https:\/\/www.tierslivre.net\/ateliers\/author\/wpaille\/\">Will<\/a><\/p>\n\n\n\n<p>X<\/p>\n\n\n\n<p><strong>Y<\/strong><br><a href=\"https:\/\/www.tierslivre.net\/ateliers\/author\/natachay\/\">Natacha Y<\/a><\/p>\n\n\n\n<p>Z<\/p>\n\n\n\n<p><\/p>\n","protected":false},"excerpt":{"rendered":"<p>\u2022 l&rsquo;index alphab\u00e9tique des auteurs est compl\u00e9t\u00e9 \u00e0 mesure de vos premi\u00e8res contributions au cycle \u2013 si retard, oubli ou lien erron\u00e9 merci pr\u00e9venir ;\u2022 on rappelle que l&rsquo;ensemble des contributions publi\u00e9es sur cette plateforme, ainsi que ses sommaires et index, n&rsquo;est pas d\u00e9tectable ni archiv\u00e9 par Google (ou autres moteurs de recherche);\u2022 merci \u00e0 nos nouveaux abonn\u00e9s \u00abateliers\u00bb ne <a class=\"more-link\" href=\"https:\/\/www.tierslivre.net\/ateliers\/atelier-index-sommaires\/vers-une-ecopoetique\/vers-une-ecopoetique-lindex-des-auteurs\/\">Continuer la lecture<span class=\"screen-reader-text\">vers une \u00e9copo\u00e9tique, l&rsquo;index des auteurs<\/span><span class=\"meta-nav\">&rarr;<\/span><\/a><\/p>\n","protected":false},"author":1,"featured_media":0,"parent":170978,"menu_order":2,"comment_status":"closed","ping_status":"closed","template":"","meta":{"h5ap_radio_sources":[],"footnotes":""},"class_list":["post-170985","page","type-page","status-publish","hentry"],"_links":{"self":[{"href":"https:\/\/www.tierslivre.net\/ateliers\/wp-json\/wp\/v2\/pages\/170985","targetHints":{"allow":["GET"]}}],"collection":[{"href":"https:\/\/www.tierslivre.net\/ateliers\/wp-json\/wp\/v2\/pages"}],"about":[{"href":"https:\/\/www.tierslivre.net\/ateliers\/wp-json\/wp\/v2\/types\/page"}],"author":[{"embeddable":true,"href":"https:\/\/www.tierslivre.net\/ateliers\/wp-json\/wp\/v2\/users\/1"}],"replies":[{"embeddable":true,"href":"https:\/\/www.tierslivre.net\/ateliers\/wp-json\/wp\/v2\/comments?post=170985"}],"version-history":[{"count":3,"href":"https:\/\/www.tierslivre.net\/ateliers\/wp-json\/wp\/v2\/pages\/170985\/revisions"}],"predecessor-version":[{"id":173903,"href":"https:\/\/www.tierslivre.net\/ateliers\/wp-json\/wp\/v2\/pages\/170985\/revisions\/173903"}],"up":[{"embeddable":true,"href":"https:\/\/www.tierslivre.net\/ateliers\/wp-json\/wp\/v2\/pages\/170978"}],"wp:attachment":[{"href":"https:\/\/www.tierslivre.net\/ateliers\/wp-json\/wp\/v2\/media?parent=170985"}],"curies":[{"name":"wp","href":"https:\/\/api.w.org\/{rel}","templated":true}]}}