{"id":174165,"date":"2024-11-17T14:24:08","date_gmt":"2024-11-17T13:24:08","guid":{"rendered":"https:\/\/www.tierslivre.net\/ateliers\/?page_id=174165"},"modified":"2025-01-04T16:51:07","modified_gmt":"2025-01-04T15:51:07","slug":"index-des-autrices-auteurs","status":"publish","type":"page","link":"https:\/\/www.tierslivre.net\/ateliers\/atelier-index-sommaires\/cycle-hiver-2024-roman-maison\/index-des-autrices-auteurs\/","title":{"rendered":"l\u2019index autrices &amp; auteurs"},"content":{"rendered":"\n<p>L\u2019index se construit \u00e0 mesure de votre premi\u00e8re contribution. Si retard ou oubli, ou erreur lien, merci bien vouloir m\u2019en informer imm\u00e9diatement par mail !<\/p>\n\n\n\n<p><strong>A<\/strong><br>_ <a href=\"https:\/\/www.tierslivre.net\/ateliers\/author\/halbernhe\/\">Huguette Albernhe<\/a><br>_ <a href=\"https:\/\/www.tierslivre.net\/ateliers\/author\/amonrouzeau\/\">Alexia<\/a><\/p>\n\n\n\n<p><strong>B<\/strong><br>_ <a href=\"https:\/\/www.tierslivre.net\/ateliers\/author\/khedidjabs\/\">Khedidja Berassil<\/a><br>_ <a href=\"https:\/\/www.tierslivre.net\/ateliers\/author\/celineb\/\">C\u00e9line Bernard<\/a><br>_ <a href=\"https:\/\/www.tierslivre.net\/ateliers\/author\/pblanchon\/\">Patrick Bianchon<\/a><br>_ <a href=\"https:\/\/www.tierslivre.net\/ateliers\/author\/hboivin\/\">H\u00e9l\u00e8ne Boivin<\/a><br>_ <a href=\"https:\/\/www.tierslivre.net\/ateliers\/author\/cburgy\/\">Caroline Burgy<\/a><\/p>\n\n\n\n<p><strong>C<\/strong><br>_ <a href=\"https:\/\/www.tierslivre.net\/ateliers\/author\/rcazanave\/\">Roselyne Cazenave<\/a><br>_ <a href=\"https:\/\/www.tierslivre.net\/ateliers\/author\/brigetoun\/\">Brigitte C\u00e9l\u00e9rier <\/a><br>_ <a href=\"https:\/\/www.tierslivre.net\/ateliers\/author\/jluc-chovelon\/\">Jean-Luc Chovelon<\/a><br>_ <a href=\"https:\/\/www.tierslivre.net\/ateliers\/author\/pierodebelleville\/\">Piero Cohen Hadria<\/a><br>_ <a href=\"https:\/\/www.tierslivre.net\/ateliers\/author\/jcortese\/\">Juliette Cortese<\/a><\/p>\n\n\n\n<p><strong>D<\/strong><br>_ <a href=\"https:\/\/www.tierslivre.net\/ateliers\/author\/adejardin\/\">Anne Dejardin<\/a><br>_ <a href=\"https:\/\/www.tierslivre.net\/ateliers\/author\/jderimay\/\">Juliette Derimay<\/a><br>_ <a href=\"https:\/\/www.tierslivre.net\/ateliers\/author\/natachay\/\">Natacha Devie<\/a><strong><br><\/strong>_ <a href=\"https:\/\/www.tierslivre.net\/ateliers\/author\/carolinediaz\/\">Caroline Diaz<\/a><br>_ <a href=\"https:\/\/www.tierslivre.net\/ateliers\/author\/pmenard\/\">Philippe Diaz<\/a><br>_ <a href=\"https:\/\/www.tierslivre.net\/ateliers\/author\/claudine-dozoul\/\">Claudine Dozoul<\/a><br>_ <a href=\"https:\/\/www.tierslivre.net\/ateliers\/author\/mdupuch\/\">Mathilde Dupuch<\/a><\/p>\n\n\n\n<p><strong>E<\/strong><br>_ <a href=\"https:\/\/www.tierslivre.net\/ateliers\/author\/cenuset\/\">Claude Enuset<\/a><br>_ <a href=\"https:\/\/www.tierslivre.net\/ateliers\/author\/ceschenbrenner\/\">Christine Eschenbrenner<\/a><\/p>\n\n\n\n<p><strong>G<\/strong><br>_ <a href=\"https:\/\/www.tierslivre.net\/ateliers\/author\/xgeorgin\/\">Xavier Georgin<\/a><br>_ <a href=\"https:\/\/www.tierslivre.net\/ateliers\/author\/dgodardlivet\/\">Dani\u00e8le Godard-Livet<\/a><br>_ <a href=\"https:\/\/www.tierslivre.net\/ateliers\/author\/lguerin\/\">Lucie Gu\u00e9rin<\/a><br>_ <a href=\"https:\/\/www.tierslivre.net\/ateliers\/author\/fguillaumond\/\">Fran\u00e7oise Guillaumond<\/a><\/p>\n\n\n\n<p><strong>H<\/strong><br>_ <a href=\"https:\/\/www.tierslivre.net\/ateliers\/author\/nholt\/\">Nathalie Holt<\/a><\/p>\n\n\n\n<p><strong>I<\/strong><br>_ <a href=\"https:\/\/www.tierslivre.net\/ateliers\/author\/rinterlegator\/\">Raymonde Interlegator<\/a><\/p>\n\n\n\n<p><strong>L<\/strong><br>_ <a href=\"https:\/\/www.tierslivre.net\/ateliers\/author\/nlarue\/\">Nicolas Larue<\/a><br>_ <a href=\"https:\/\/www.tierslivre.net\/ateliers\/author\/pliotard\/\">Philippe Liotard<\/a><\/p>\n\n\n\n<p><strong>M<\/strong><br>_ <a href=\"https:\/\/www.tierslivre.net\/ateliers\/author\/vmondi\/\">Val\u00e9rie Mondamert<\/a><br>_ <a href=\"https:\/\/www.tierslivre.net\/ateliers\/author\/isabelledm\/\">Isabelle de Montfort<\/a><\/p>\n\n\n\n<p><strong>P<\/strong><br>_ <a href=\"https:\/\/www.tierslivre.net\/ateliers\/author\/upandolfi\/\">Ugo Pandolfi<\/a><br>_ <a href=\"https:\/\/www.tierslivre.net\/ateliers\/author\/mtpeyrin\/\">Marie-Th\u00e9r\u00e8se Peyrin<\/a><\/p>\n\n\n\n<p><strong>S<\/strong><br>_ <a href=\"https:\/\/www.tierslivre.net\/ateliers\/author\/psahuc\/\">Philippe Sahuc Sa\u00fcc<\/a><br>_ <a href=\"https:\/\/www.tierslivre.net\/ateliers\/author\/fsavarit\/\">Fabienne Savarit<\/a><br>_ <a href=\"https:\/\/www.tierslivre.net\/ateliers\/author\/cserre\/\">Catherine Serre<\/a><br>_ <a href=\"https:\/\/www.tierslivre.net\/ateliers\/author\/laurent-stratos\/\">Laurent Stratos<\/a><\/p>\n\n\n\n<p><strong>T<\/strong><br>_ <a href=\"https:\/\/www.tierslivre.net\/ateliers\/author\/ctemstet\/\">Carole Temstet<\/a><br>_ <a href=\"https:\/\/www.tierslivre.net\/ateliers\/author\/ctestard\/\">Christophe Testard<\/a><\/p>\n\n\n\n<p><strong>V<\/strong><br>_ <a href=\"https:\/\/www.tierslivre.net\/ateliers\/author\/avanweddingen\/\">Anne Vanweddingen<\/a><br>_ <a href=\"https:\/\/www.tierslivre.net\/ateliers\/author\/isabellev\/\">Isabelle Vauquois<\/a><br>_ <a href=\"https:\/\/www.tierslivre.net\/ateliers\/author\/svissac\/\">Solange Vissac<\/a><\/p>\n\n\n\n<p><strong>W<\/strong><br>_ <a href=\"https:\/\/www.tierslivre.net\/ateliers\/author\/wpaille\/\">Will<\/a><\/p>\n","protected":false},"excerpt":{"rendered":"<p>L\u2019index se construit \u00e0 mesure de votre premi\u00e8re contribution. Si retard ou oubli, ou erreur lien, merci bien vouloir m\u2019en informer imm\u00e9diatement par mail ! A_ Huguette Albernhe_ Alexia B_ Khedidja Berassil_ C\u00e9line Bernard_ Patrick Bianchon_ H\u00e9l\u00e8ne Boivin_ Caroline Burgy C_ Roselyne Cazenave_ Brigitte C\u00e9l\u00e9rier _ Jean-Luc Chovelon_ Piero Cohen Hadria_ Juliette Cortese D_ Anne Dejardin_ Juliette Derimay_ Natacha Devie_ <a class=\"more-link\" href=\"https:\/\/www.tierslivre.net\/ateliers\/atelier-index-sommaires\/cycle-hiver-2024-roman-maison\/index-des-autrices-auteurs\/\">Continuer la lecture<span class=\"screen-reader-text\">l\u2019index autrices &amp; auteurs<\/span><span class=\"meta-nav\">&rarr;<\/span><\/a><\/p>\n","protected":false},"author":1,"featured_media":0,"parent":174154,"menu_order":2,"comment_status":"closed","ping_status":"closed","template":"","meta":{"h5ap_radio_sources":[],"footnotes":""},"class_list":["post-174165","page","type-page","status-publish","hentry"],"_links":{"self":[{"href":"https:\/\/www.tierslivre.net\/ateliers\/wp-json\/wp\/v2\/pages\/174165","targetHints":{"allow":["GET"]}}],"collection":[{"href":"https:\/\/www.tierslivre.net\/ateliers\/wp-json\/wp\/v2\/pages"}],"about":[{"href":"https:\/\/www.tierslivre.net\/ateliers\/wp-json\/wp\/v2\/types\/page"}],"author":[{"embeddable":true,"href":"https:\/\/www.tierslivre.net\/ateliers\/wp-json\/wp\/v2\/users\/1"}],"replies":[{"embeddable":true,"href":"https:\/\/www.tierslivre.net\/ateliers\/wp-json\/wp\/v2\/comments?post=174165"}],"version-history":[{"count":3,"href":"https:\/\/www.tierslivre.net\/ateliers\/wp-json\/wp\/v2\/pages\/174165\/revisions"}],"predecessor-version":[{"id":177381,"href":"https:\/\/www.tierslivre.net\/ateliers\/wp-json\/wp\/v2\/pages\/174165\/revisions\/177381"}],"up":[{"embeddable":true,"href":"https:\/\/www.tierslivre.net\/ateliers\/wp-json\/wp\/v2\/pages\/174154"}],"wp:attachment":[{"href":"https:\/\/www.tierslivre.net\/ateliers\/wp-json\/wp\/v2\/media?parent=174165"}],"curies":[{"name":"wp","href":"https:\/\/api.w.org\/{rel}","templated":true}]}}