{"id":187547,"date":"2025-06-30T09:29:39","date_gmt":"2025-06-30T07:29:39","guid":{"rendered":"https:\/\/www.tierslivre.net\/ateliers\/?page_id=187547"},"modified":"2025-09-03T16:02:33","modified_gmt":"2025-09-03T14:02:33","slug":"_-le-sommaire","status":"publish","type":"page","link":"https:\/\/www.tierslivre.net\/ateliers\/atelier-index-sommaires\/ete-2025-recto-verso\/_-le-sommaire\/","title":{"rendered":"_ le sommaire"},"content":{"rendered":"\n<p>Du 1er juillet au 15 ao\u00fbt 2025, 15 propositions double face.<\/p>\n\n\n\n<p>_ rappel : inscription sur simple e-mail pour les abonn\u00e9\u00b7e\u00b7s Tiers Livre \u00abateliers\u00bb (nous signaler si lettre non re\u00e7ue), ou <a href=\"https:\/\/www.librairie-tiers-livre.store\/pack-outils-1\/p\/cycle-t-2025-recto-verso\">via la librairie Tiers Livre<\/a> pour les personnes pr\u00e9f\u00e9rant formule non abonnement \u2014 ouvert jusqu&rsquo;au 10 juillet, n&rsquo;h\u00e9sitez pas \u00e0 vous joindre ! <br>_ pilotage via lettre de coordination e-mail : inclut les nouvelles mises en ligne, la consigne \u00e9crite et les docs d&rsquo;appui; <\/p>\n\n\n\n<ul class=\"wp-block-list\">\n<li><\/li>\n<\/ul>\n\n\n\n<p>_ 01.07, #01 |&nbsp;<a href=\"https:\/\/www.tierslivre.net\/ateliers\/recto-verso-01-dehors-avec-annie-ernaux\/\">dehors avec Annie Ernaux<\/a><\/p>\n\n\n\n<p>_ 04.07, #02 | <a href=\"https:\/\/www.tierslivre.net\/ateliers\/rectoverso-02-a-ce-stade-de-la-nuit-maylis-de-kerangal\/\">\u00e0 ce stade de la nuit, Maylis de Kerangal<\/a><\/p>\n\n\n\n<p>_ 07.07, #03 | <a href=\"https:\/\/www.tierslivre.net\/ateliers\/rectoverso-03-camille-laurens-il-y-a\/\">Camille Laurens, il y a<\/a><\/p>\n\n\n\n<p>_ 10.07, #04 | <a href=\"https:\/\/www.tierslivre.net\/ateliers\/category\/recto-verso-le-cycle-ete-2025\/rectoverso-04-marianne-alphant-exercice-de-memoire\/\">Marianne Alphant, m\u00e9moire &amp; interrogatoire<\/a><\/p>\n\n\n\n<p>_ 13.07, #05 |&nbsp;<a href=\"https:\/\/www.tierslivre.net\/ateliers\/rectoverso-05-retour-lieu-memoire-joy-sorman\/\">retour lieu m\u00e9moire, Joy Sorman<\/a><\/p>\n\n\n\n<p>_ 16.07, #06 | <a href=\"https:\/\/www.tierslivre.net\/ateliers\/rectoverso-06-le-personnage-ses-morts-gaelle-obiegly\/\">le personnage &amp; ses morts, Ga\u00eblle Obi\u00e9gly<\/a><\/p>\n\n\n\n<p>_ 19.07, #07 | <a href=\"https:\/\/www.tierslivre.net\/ateliers\/rectoverso-07-lucy-ellman-le-fait-que-rapide-lent\/\">Lucy Ellmann &amp; le fait que, tr\u00e8s rapide,  tr\u00e8s lent<\/a><\/p>\n\n\n\n<p>_ 22.07, #08 | <a href=\"https:\/\/www.tierslivre.net\/ateliers\/rectoverso-08-lucienne-sarraute-raconte-nathalie-panhard\/\">Lucienne Sarraute raconte Nathalie Panhard<\/a><\/p>\n\n\n\n<p>_ 25.07, #09 |<a href=\"https:\/\/www.tierslivre.net\/ateliers\/rectoverso-09-la-robe-le-flan-le-couloir-gertrude-stein\/\">&nbsp;la robe, le flan, le couloir, Gertrude Stein<\/a><\/p>\n\n\n\n<p>_ 28.07, #10 |&nbsp;<a href=\"https:\/\/www.tierslivre.net\/ateliers\/rectoverso-10-suzanne-doppelt-loeil-et-le-parc\/\">Suzanne Doppelt, l&rsquo;oeil et le parc<\/a><\/p>\n\n\n\n<p>_ 01.08, #11 | <a href=\"https:\/\/www.tierslivre.net\/ateliers\/rectoverso-11-sei-shonagon-ampliations-extensions\/\">Sei Sh\u00f4nagon, ampliations, extensions<\/a><\/p>\n\n\n\n<p>_ 05.08, #12, <a href=\"https:\/\/www.tierslivre.net\/ateliers\/rectoverso-12-les-146-peut-etre-dhelene-gaudy\/\">les 146 peut-\u00eatre d&rsquo;H\u00e9l\u00e8ne Gaudy<\/a><\/p>\n\n\n\n<p>_ 09.08, #13 | <a href=\"https:\/\/www.tierslivre.net\/ateliers\/rectoverso-13-kaspar-bredouille-villon-voix-laure-gauthier\/\">Kaspar bredouille, Villon voix &amp; Laure Gauthier<\/a><\/p>\n\n\n\n<p>_ 13.08, #14 | <a href=\"https:\/\/www.tierslivre.net\/ateliers\/rectoverso-14-cenaclieres-lacunaires-abruptes-archives-de-nous-memes\/\">C\u00e9nacli\u00e8res, lacunaires &amp; abruptes archives de nous-m\u00eames<\/a><\/p>\n\n\n\n<p>_ 16.08, #15 |&nbsp;<a href=\"https:\/\/www.tierslivre.net\/ateliers\/rectoverso-15-olivia-rosenthal-de-15-a-1000\/\">Olivia Rosenthal de 15 \u00e0 1000<\/a>&#8230;<\/p>\n\n\n\n<p>_ 04.09, #post-scriptum |\u00a0<a href=\"https:\/\/www.tierslivre.net\/ateliers\/rectoverso-ps-prose-avec-poeme-dedans-laura-vazquez-les-forces\/\">prose avec po\u00e8me dedans, Laura Vazquez, Les forces<\/a><\/p>\n\n\n\n<p>(l&rsquo;ensemble du site restera bien s\u00fbr en ligne pour vous permettre r\u00e9alisation \u00e0 votre rythme)<\/p>\n","protected":false},"excerpt":{"rendered":"<p>Du 1er juillet au 15 ao\u00fbt 2025, 15 propositions double face. _ rappel : inscription sur simple e-mail pour les abonn\u00e9\u00b7e\u00b7s Tiers Livre \u00abateliers\u00bb (nous signaler si lettre non re\u00e7ue), ou via la librairie Tiers Livre pour les personnes pr\u00e9f\u00e9rant formule non abonnement \u2014 ouvert jusqu&rsquo;au 10 juillet, n&rsquo;h\u00e9sitez pas \u00e0 vous joindre ! _ pilotage via lettre de coordination <a class=\"more-link\" href=\"https:\/\/www.tierslivre.net\/ateliers\/atelier-index-sommaires\/ete-2025-recto-verso\/_-le-sommaire\/\">Continuer la lecture<span class=\"screen-reader-text\">_ le sommaire<\/span><span class=\"meta-nav\">&rarr;<\/span><\/a><\/p>\n","protected":false},"author":1,"featured_media":0,"parent":187545,"menu_order":0,"comment_status":"closed","ping_status":"closed","template":"","meta":{"h5ap_radio_sources":[],"footnotes":""},"class_list":["post-187547","page","type-page","status-publish","hentry"],"_links":{"self":[{"href":"https:\/\/www.tierslivre.net\/ateliers\/wp-json\/wp\/v2\/pages\/187547","targetHints":{"allow":["GET"]}}],"collection":[{"href":"https:\/\/www.tierslivre.net\/ateliers\/wp-json\/wp\/v2\/pages"}],"about":[{"href":"https:\/\/www.tierslivre.net\/ateliers\/wp-json\/wp\/v2\/types\/page"}],"author":[{"embeddable":true,"href":"https:\/\/www.tierslivre.net\/ateliers\/wp-json\/wp\/v2\/users\/1"}],"replies":[{"embeddable":true,"href":"https:\/\/www.tierslivre.net\/ateliers\/wp-json\/wp\/v2\/comments?post=187547"}],"version-history":[{"count":3,"href":"https:\/\/www.tierslivre.net\/ateliers\/wp-json\/wp\/v2\/pages\/187547\/revisions"}],"predecessor-version":[{"id":198087,"href":"https:\/\/www.tierslivre.net\/ateliers\/wp-json\/wp\/v2\/pages\/187547\/revisions\/198087"}],"up":[{"embeddable":true,"href":"https:\/\/www.tierslivre.net\/ateliers\/wp-json\/wp\/v2\/pages\/187545"}],"wp:attachment":[{"href":"https:\/\/www.tierslivre.net\/ateliers\/wp-json\/wp\/v2\/media?parent=187547"}],"curies":[{"name":"wp","href":"https:\/\/api.w.org\/{rel}","templated":true}]}}