{"id":187551,"date":"2025-06-30T09:33:28","date_gmt":"2025-06-30T07:33:28","guid":{"rendered":"https:\/\/www.tierslivre.net\/ateliers\/?page_id=187551"},"modified":"2025-07-30T13:44:13","modified_gmt":"2025-07-30T11:44:13","slug":"_-lindex-des-auteurs","status":"publish","type":"page","link":"https:\/\/www.tierslivre.net\/ateliers\/atelier-index-sommaires\/ete-2025-recto-verso\/_-lindex-des-auteurs\/","title":{"rendered":"_ l\u2019index des auteurs"},"content":{"rendered":"\n<blockquote class=\"wp-block-quote is-layout-flow wp-block-quote-is-layout-flow\">\n<p class=\"has-text-align-left\">_ l&rsquo;ajout cet l&rsquo;index des auteurs du cycle \u00e9t\u00e9 2025 se fait une fois la premi\u00e8re contribution publi\u00e9e &#8230;<br>_ nouveau sur Tiers Livre ? pour cr\u00e9ation de votre acc\u00e8s \u00e0 ce WordPress, un simple mail et on s&rsquo;en occupe!<br>_ oubli, faux lien ou coquille, merci nous en pr\u00e9venir aussit\u00f4t!<\/p>\n<\/blockquote>\n\n\n\n<p>A<\/p>\n\n\n\n<p><strong>B<\/strong><br>_ <a href=\"https:\/\/www.tierslivre.net\/ateliers\/author\/noellebb\/\">No\u00eblle Baillon<\/a><br>_ <a href=\"https:\/\/www.tierslivre.net\/ateliers\/author\/mleroux\/\">George Baron<\/a><br>_ <a href=\"https:\/\/www.tierslivre.net\/ateliers\/author\/alainb\/\">Alain Bastard<\/a><br>_ <a href=\"https:\/\/www.tierslivre.net\/ateliers\/author\/graciabp\/\">Gracia Bejjani<\/a><br>_ <a href=\"https:\/\/www.tierslivre.net\/ateliers\/author\/khedidjabs\/\">Khedidja Berassil<\/a><br>_ <a href=\"https:\/\/www.tierslivre.net\/ateliers\/author\/romainbv\/\">Romain Bert-Varlez<\/a><br>_ <a href=\"https:\/\/www.tierslivre.net\/ateliers\/author\/pblanchon\/\">Patrick Blanchon<\/a><br>_ <a href=\"https:\/\/www.tierslivre.net\/ateliers\/author\/sbonnery\/\">Serge Bonnery<\/a><br>_ <a href=\"https:\/\/www.tierslivre.net\/ateliers\/author\/cbouillot\/\">C\u00e9cile Bouillot<\/a><br>_ <a href=\"https:\/\/www.tierslivre.net\/ateliers\/author\/sylviab\/\">Sylvia Boumendil<\/a><br>_ <a href=\"https:\/\/www.tierslivre.net\/ateliers\/author\/mguenon\/\">Muriel Boussarie<\/a><br>_ <a href=\"https:\/\/www.tierslivre.net\/ateliers\/author\/abrabant\/\">Annick Brabant<\/a><br>_ <a href=\"https:\/\/www.tierslivre.net\/ateliers\/author\/camillec\/\">Camille Br\u00e9chaire<\/a><br>_ <a href=\"https:\/\/www.tierslivre.net\/ateliers\/author\/fbreton\/\">Fran\u00e7oise Breton<\/a><br>_ <a href=\"https:\/\/www.tierslivre.net\/ateliers\/author\/cburgy\/\">Caroline Burgy<\/a><\/p>\n\n\n\n<p><strong>C<\/strong><br>_ <a href=\"https:\/\/www.tierslivre.net\/ateliers\/author\/ccarrot\/\">Catherine Carrot<\/a><br>_ <a href=\"https:\/\/www.tierslivre.net\/ateliers\/author\/xavier-waechter\/\">Xavier Castanea<\/a><br>_ <a href=\"https:\/\/www.tierslivre.net\/ateliers\/author\/pcastelneau\/\">Philippe Castelneau<\/a><br>_ <a href=\"https:\/\/www.tierslivre.net\/ateliers\/author\/rcazanave\/\">Roselyne Cazanave<\/a><br>_ <a href=\"https:\/\/www.tierslivre.net\/ateliers\/author\/achagnon\/\">Aline Chagnon<\/a><br>_ <a href=\"https:\/\/www.tierslivre.net\/ateliers\/author\/jchoquet\/\">Josette Choquet<\/a><br>_ <a href=\"https:\/\/www.tierslivre.net\/ateliers\/author\/jluc-chovelon\/\">Jean-Luc Chovelon<\/a><br>_ <a href=\"https:\/\/www.tierslivre.net\/ateliers\/author\/mlyneclop\/\">Martine Lyne Clop<\/a><br>_ <a href=\"https:\/\/www.tierslivre.net\/ateliers\/author\/mcohen\/\">Mich\u00e8le Cohen<\/a><br>_ <a href=\"https:\/\/www.tierslivre.net\/ateliers\/author\/pierodebelleville\/\">Piero Cohen-Hadria<\/a><br>_ <a href=\"https:\/\/www.tierslivre.net\/ateliers\/author\/acolella\/\">Angelo Colella<\/a><br>_ <a href=\"https:\/\/www.tierslivre.net\/ateliers\/author\/ecordoliani\/\">Emmanuelle Cordoliani<\/a><br>_ <a href=\"https:\/\/www.tierslivre.net\/ateliers\/author\/scorvez\/\">Stewen Corvez<\/a><\/p>\n\n\n\n<p><strong>D<\/strong><br>_ <a href=\"https:\/\/www.tierslivre.net\/ateliers\/author\/lur6nt\/\">Laurent Damerval<\/a><br>_ <a href=\"https:\/\/www.tierslivre.net\/ateliers\/author\/ademerle\/\">Anne Demerl\u00e9-Got<\/a><br>_ <a href=\"https:\/\/www.tierslivre.net\/ateliers\/author\/jderimay\/\">Juliette Derimay<\/a><br>_ <a href=\"https:\/\/www.tierslivre.net\/ateliers\/author\/carolinediaz\/\">Caroline Diaz<\/a><br>_ <a href=\"https:\/\/www.tierslivre.net\/ateliers\/author\/l-diez\/\">Lisa Diez<\/a><br>_ <a href=\"https:\/\/www.tierslivre.net\/ateliers\/author\/lyd\/\">L\u00e9a Djenadi<\/a><br>_ <a href=\"https:\/\/www.tierslivre.net\/ateliers\/author\/ldipietro\/\">Line DP<\/a><br>_ <a href=\"https:\/\/www.tierslivre.net\/ateliers\/author\/bernardd\/\">Bernard Dudoignon<\/a><\/p>\n\n\n\n<p><strong>E<\/strong><br>_ <a href=\"https:\/\/www.tierslivre.net\/ateliers\/author\/ceschenbrenner\/\">Christine Eschenbrenner<\/a><br>_ <a href=\"https:\/\/www.tierslivre.net\/ateliers\/author\/mespinasse\/\">Monika Espinasse<\/a><br>_ <a href=\"https:\/\/www.tierslivre.net\/ateliers\/author\/dpaillard\/\">Dominique Estampes Paillard<\/a><\/p>\n\n\n\n<p><strong>F<\/strong><br>_ <a href=\"https:\/\/www.tierslivre.net\/ateliers\/author\/bfc020751\/\">Brigitte F.<\/a><br>_ <a href=\"https:\/\/www.tierslivre.net\/ateliers\/author\/vfrancey\/\">Vincent Francey<\/a><br>_ <a href=\"https:\/\/www.tierslivre.net\/ateliers\/author\/culturezen\/\">\u00c8ve Fran\u00e7ois<\/a><br>_ <a href=\"https:\/\/www.tierslivre.net\/ateliers\/author\/lfrick\/\">Louise Frick<\/a><\/p>\n\n\n\n<p><strong>G<\/strong><br>_ <a href=\"https:\/\/www.tierslivre.net\/ateliers\/author\/menilorac\/\">Marie-Caroline Gallot<\/a><br>_ <a href=\"https:\/\/www.tierslivre.net\/ateliers\/author\/xgeorgin\/\">Xavier Georgin<\/a><br>_ <a href=\"https:\/\/www.tierslivre.net\/ateliers\/author\/dgodardlivet\/\">Dani\u00e8le Godard-Livet<\/a><br>_ <a href=\"https:\/\/www.tierslivre.net\/ateliers\/author\/reneec\/\">Betty Gomez<\/a><br>_ <a href=\"https:\/\/www.tierslivre.net\/ateliers\/author\/gildag\/\">Gilda Gonfier<\/a><br>_ <a href=\"https:\/\/www.tierslivre.net\/ateliers\/author\/jmgraas\/\">Jean-Marie Graas<\/a><br>_ <a href=\"https:\/\/www.tierslivre.net\/ateliers\/author\/fguillaumond\/\">Fran\u00e7oise Guillaumond<\/a><\/p>\n\n\n\n<p><strong>H<\/strong><br>_ <a href=\"https:\/\/www.tierslivre.net\/ateliers\/author\/nhacquart\/\">Nicolas Hacquart<\/a><br>_ <a href=\"https:\/\/www.tierslivre.net\/ateliers\/author\/mhallouin\/\">Micha\u00ebl Hallouin<\/a><br>_ <a href=\"https:\/\/www.tierslivre.net\/ateliers\/author\/morgannm\/\">James Hardy<\/a><br>_ <a href=\"https:\/\/www.tierslivre.net\/ateliers\/author\/jndrix\/\">Jen Hendrycks<\/a><br>_ <a href=\"https:\/\/www.tierslivre.net\/ateliers\/author\/shertig\/\">Sandrine Hertig<\/a><br>_ <a href=\"https:\/\/www.tierslivre.net\/ateliers\/author\/nholt\/\">Nathalie Holt<\/a><br>_ <a href=\"https:\/\/www.tierslivre.net\/ateliers\/author\/laure-humbel\/\">Laure Humbel<\/a><\/p>\n\n\n\n<p><strong>I<\/strong><br>_ <a href=\"https:\/\/www.tierslivre.net\/ateliers\/author\/rinterlegator\/\">Raymonde Interlegator<\/a><\/p>\n\n\n\n<p><strong>J<\/strong><br>_ <a href=\"https:\/\/www.tierslivre.net\/ateliers\/author\/marylenej\/\">Maryl\u00e8ne Ju<\/a><br>_ <a href=\"https:\/\/www.tierslivre.net\/ateliers\/author\/judith-judith\/\">Judith Judith<\/a><\/p>\n\n\n\n<p><strong>K<\/strong><br>_ <a href=\"https:\/\/www.tierslivre.net\/ateliers\/author\/emilika\/\">\u00c9milie Kah<\/a><\/p>\n\n\n\n<p><strong>L<\/strong><br>_ <a href=\"https:\/\/www.tierslivre.net\/ateliers\/author\/flegolvan\/\">Fran\u00e7oise Le Golvan<\/a><br>_ <a href=\"https:\/\/www.tierslivre.net\/ateliers\/author\/nolwennl\/\">Nolwenn Letanoux<\/a><br>_ <a href=\"https:\/\/www.tierslivre.net\/ateliers\/author\/pliotard\/\">Philippe Liotard<\/a><\/p>\n\n\n\n<p><strong>M<\/strong><br>_ <a href=\"https:\/\/www.tierslivre.net\/ateliers\/author\/cmarmonnier\/\">C\u00e9cile Marmonnier<\/a><br>_ <a href=\"https:\/\/www.tierslivre.net\/ateliers\/author\/emiliem\/\">\u00c9milie Marot<\/a><br>_ <a href=\"https:\/\/www.tierslivre.net\/ateliers\/author\/clarencem\/\">Clarence Massiani<\/a><br>_ <a href=\"https:\/\/www.tierslivre.net\/ateliers\/author\/amazeyrat\/\">Arthur Mazeyrat<\/a><br>_ <a href=\"https:\/\/www.tierslivre.net\/ateliers\/author\/vmondi\/\">Val\u00e9rie Mondamert<\/a><br>_ <a href=\"https:\/\/www.tierslivre.net\/ateliers\/author\/amonrouzeau\/\">Alexia Monrouzeau<\/a><br>_ <a href=\"https:\/\/www.tierslivre.net\/ateliers\/author\/isabelledm\/\">Isabelle de Montfort<\/a><\/p>\n\n\n\n<p>N<\/p>\n\n\n\n<p>O<\/p>\n\n\n\n<p><strong>P<\/strong><br>_ <a href=\"https:\/\/www.tierslivre.net\/ateliers\/author\/upandolfi\/\">Ugo Pandolfi<\/a><br>_ <a href=\"https:\/\/www.tierslivre.net\/ateliers\/author\/cpasqualino\/\">Caterina Pasqualino<\/a><br>_ <a href=\"https:\/\/www.tierslivre.net\/ateliers\/author\/cathplee\/\">Catherine Pl\u00e9e<\/a><br>_ <a href=\"https:\/\/www.tierslivre.net\/ateliers\/author\/annapp\/\">Anna Proto Pisani<\/a><\/p>\n\n\n\n<p>Q<\/p>\n\n\n\n<p><strong>R<\/strong><br>_ <a href=\"https:\/\/www.tierslivre.net\/ateliers\/author\/frenaud\/\">Fran\u00e7oise Renaud<\/a><\/p>\n\n\n\n<p><strong>S<\/strong><br>_ <a href=\"https:\/\/www.tierslivre.net\/ateliers\/author\/psablonnieres\/\">Pascale Sablonni\u00e8res<\/a><br>_ <a href=\"https:\/\/www.tierslivre.net\/ateliers\/author\/psahuc\/\">Philippe Sahuc Sa\u00fcc<\/a><br>_ <a href=\"https:\/\/www.tierslivre.net\/ateliers\/author\/michael-saludo\/\">Michael Saludo<\/a><br>_ <a href=\"https:\/\/www.tierslivre.net\/ateliers\/author\/cserre\/\">Catherine Serre<\/a><br>_ <a href=\"https:\/\/www.tierslivre.net\/ateliers\/author\/psouvant\/\">Pascale Souvant<\/a><\/p>\n\n\n\n<p><strong>T<\/strong><br>_ <a href=\"https:\/\/www.tierslivre.net\/ateliers\/author\/pthomas\/\">Louise T.<\/a><br>_ <a href=\"https:\/\/www.tierslivre.net\/ateliers\/author\/ctemstet\/\">Carole Temstet<\/a><br>_ <a href=\"https:\/\/www.tierslivre.net\/ateliers\/author\/ctestard\/\">Christophe Testard<\/a><\/p>\n\n\n\n<p><strong>U<\/strong><br>_<a href=\"https:\/\/www.tierslivre.net\/ateliers\/author\/yaeluh\/\"> Yael Uzan-Holveck<\/a><\/p>\n\n\n\n<p><strong>V<\/strong><br>_ <a href=\"https:\/\/www.tierslivre.net\/ateliers\/author\/pvallens\/\">Perle Vallens<\/a><br>_ <a href=\"https:\/\/www.tierslivre.net\/ateliers\/author\/isabellev\/\">Isabelle Vauquois<\/a><br>_ <a href=\"https:\/\/www.tierslivre.net\/ateliers\/author\/svissac\/\">Solange Vissac<\/a><\/p>\n\n\n\n<p><strong>W<\/strong><br>_ <a href=\"https:\/\/www.tierslivre.net\/ateliers\/author\/swambeke\/\">Simone Wambeke<\/a><br>_ <a href=\"https:\/\/www.tierslivre.net\/ateliers\/author\/wpaille\/\">Will<\/a><\/p>\n\n\n\n<p>X<\/p>\n\n\n\n<p><strong>Y<\/strong><br>_ <a href=\"https:\/\/www.tierslivre.net\/ateliers\/author\/lgormit\/\">Lamia Ygarmaten<\/a><\/p>\n\n\n\n<p>Z<\/p>\n","protected":false},"excerpt":{"rendered":"<p>_ l&rsquo;ajout cet l&rsquo;index des auteurs du cycle \u00e9t\u00e9 2025 se fait une fois la premi\u00e8re contribution publi\u00e9e &#8230;_ nouveau sur Tiers Livre ? pour cr\u00e9ation de votre acc\u00e8s \u00e0 ce WordPress, un simple mail et on s&rsquo;en occupe!_ oubli, faux lien ou coquille, merci nous en pr\u00e9venir aussit\u00f4t! A B_ No\u00eblle Baillon_ George Baron_ Alain Bastard_ Gracia Bejjani_ Khedidja <a class=\"more-link\" href=\"https:\/\/www.tierslivre.net\/ateliers\/atelier-index-sommaires\/ete-2025-recto-verso\/_-lindex-des-auteurs\/\">Continuer la lecture<span class=\"screen-reader-text\">_ l\u2019index des auteurs<\/span><span class=\"meta-nav\">&rarr;<\/span><\/a><\/p>\n","protected":false},"author":1,"featured_media":0,"parent":187545,"menu_order":0,"comment_status":"closed","ping_status":"closed","template":"","meta":{"h5ap_radio_sources":[],"footnotes":""},"class_list":["post-187551","page","type-page","status-publish","hentry"],"_links":{"self":[{"href":"https:\/\/www.tierslivre.net\/ateliers\/wp-json\/wp\/v2\/pages\/187551","targetHints":{"allow":["GET"]}}],"collection":[{"href":"https:\/\/www.tierslivre.net\/ateliers\/wp-json\/wp\/v2\/pages"}],"about":[{"href":"https:\/\/www.tierslivre.net\/ateliers\/wp-json\/wp\/v2\/types\/page"}],"author":[{"embeddable":true,"href":"https:\/\/www.tierslivre.net\/ateliers\/wp-json\/wp\/v2\/users\/1"}],"replies":[{"embeddable":true,"href":"https:\/\/www.tierslivre.net\/ateliers\/wp-json\/wp\/v2\/comments?post=187551"}],"version-history":[{"count":3,"href":"https:\/\/www.tierslivre.net\/ateliers\/wp-json\/wp\/v2\/pages\/187551\/revisions"}],"predecessor-version":[{"id":193632,"href":"https:\/\/www.tierslivre.net\/ateliers\/wp-json\/wp\/v2\/pages\/187551\/revisions\/193632"}],"up":[{"embeddable":true,"href":"https:\/\/www.tierslivre.net\/ateliers\/wp-json\/wp\/v2\/pages\/187545"}],"wp:attachment":[{"href":"https:\/\/www.tierslivre.net\/ateliers\/wp-json\/wp\/v2\/media?parent=187551"}],"curies":[{"name":"wp","href":"https:\/\/api.w.org\/{rel}","templated":true}]}}