{"id":208330,"date":"2026-04-26T07:36:17","date_gmt":"2026-04-26T05:36:17","guid":{"rendered":"https:\/\/www.tierslivre.net\/ateliers\/?page_id=208330"},"modified":"2026-04-26T08:42:19","modified_gmt":"2026-04-26T06:42:19","slug":"le-livre-comme-fiction-1-le-sommaire","status":"publish","type":"page","link":"https:\/\/www.tierslivre.net\/ateliers\/en-cours-le-livre-comme-fiction\/le-livre-comme-fiction-1-le-sommaire\/","title":{"rendered":"\u00able livre comme fiction\u00bb | 1, le sommaire"},"content":{"rendered":"\n<blockquote class=\"wp-block-quote is-layout-flow wp-block-quote-is-layout-flow\">\n<p><em>Du 27 avril au 28 juin, huit propositions bas\u00e9es sur le r\u00f4le et la pr\u00e9sence d&rsquo;un livre dans le d\u00e9veloppement de l&rsquo;imaginaire d&rsquo;un r\u00e9cit et sa fiction. <br>Au terme des huit semaines, un livre-somme du parcours, r\u00e9serv\u00e9 aux participant\u00b7e\u00b7s.<br>Pour permettre \u00e0 chacune et chacun de rectifier, modifier, corriger, polir, l&rsquo;\u00e9laboration du livre collectif se fera directement depuis le WordPress. Profitez-en, comme \u00e0 l&rsquo;habitude, pour lectures r\u00e9ciproques et surtout petits commentaires d&rsquo;appui (62 506 commentaires sur le site au moment du lancement de ce cycle, on fera le d\u00e9compte au bout des huit semaines)\u00a0!<\/em><br><em>Comme \u00e0 l&rsquo;accoutum\u00e9e, \u00e0 chacune de vos mises en ligne penser \u00e0 cliquer les \u00abcat\u00e9gories\u00bb (intitul\u00e9 du cycle, et quelle proposition), et qu&rsquo;avec la petite case \u00abd\u00e9finir l&rsquo;image mise en avant\u00bb elle appara\u00eetra d\u00e8s la Une du site, pour le bonheur de toutes et tous&#8230; Rappel enfin : l&rsquo;ensemble de notre WordPress, volontairement, n&rsquo;est pas indexable par les robots des moteurs de recherche. <br>Et, \u00e0 l&rsquo;intention de celles &amp; ceux qui nous rejoignent : bienvenue d&rsquo;abord, et pensez \u00e0 un petit mail pour l&rsquo;ouverture de votre compte sur ce WordPress !<\/em><br><em>Enfin : page centralis\u00e9e avec rappel du sommaire pour le <a href=\"https:\/\/www.patreon.com\/posts\/156566520?collection=1298595\">t\u00e9l\u00e9chargement des docs d&rsquo;appui sur Patreon<\/a>. <\/em><\/p>\n<\/blockquote>\n\n\n\n<p>\u2022 #01| <a href=\"https:\/\/www.tierslivre.net\/ateliers\/le-livre-comme-fiction-01-le-livre-comme-description\/\">Michel Jullien, le livre comme description<\/a>;<\/p>\n\n\n\n<p>\u2022 #02 | <\/p>\n\n\n\n<p>\u2022 #03 | <\/p>\n\n\n\n<p>\u2022 #04 |&nbsp;<\/p>\n\n\n\n<p>\u2022 #05 |&nbsp;<\/p>\n\n\n\n<p>\u2022 #06 | <\/p>\n\n\n\n<p>\u2022 #07 | <\/p>\n\n\n\n<p>\u2022 #08 |<\/p>\n\n\n\n<p><\/p>\n","protected":false},"excerpt":{"rendered":"<p>Du 27 avril au 28 juin, huit propositions bas\u00e9es sur le r\u00f4le et la pr\u00e9sence d&rsquo;un livre dans le d\u00e9veloppement de l&rsquo;imaginaire d&rsquo;un r\u00e9cit et sa fiction. Au terme des huit semaines, un livre-somme du parcours, r\u00e9serv\u00e9 aux participant\u00b7e\u00b7s.Pour permettre \u00e0 chacune et chacun de rectifier, modifier, corriger, polir, l&rsquo;\u00e9laboration du livre collectif se fera directement depuis le WordPress. Profitez-en, <a class=\"more-link\" href=\"https:\/\/www.tierslivre.net\/ateliers\/en-cours-le-livre-comme-fiction\/le-livre-comme-fiction-1-le-sommaire\/\">Continuer la lecture<span class=\"screen-reader-text\">\u00able livre comme fiction\u00bb | 1, le sommaire<\/span><span class=\"meta-nav\">&rarr;<\/span><\/a><\/p>\n","protected":false},"author":1,"featured_media":0,"parent":208328,"menu_order":0,"comment_status":"closed","ping_status":"closed","template":"","meta":{"h5ap_radio_sources":[],"footnotes":""},"class_list":["post-208330","page","type-page","status-publish","hentry"],"_links":{"self":[{"href":"https:\/\/www.tierslivre.net\/ateliers\/wp-json\/wp\/v2\/pages\/208330","targetHints":{"allow":["GET"]}}],"collection":[{"href":"https:\/\/www.tierslivre.net\/ateliers\/wp-json\/wp\/v2\/pages"}],"about":[{"href":"https:\/\/www.tierslivre.net\/ateliers\/wp-json\/wp\/v2\/types\/page"}],"author":[{"embeddable":true,"href":"https:\/\/www.tierslivre.net\/ateliers\/wp-json\/wp\/v2\/users\/1"}],"replies":[{"embeddable":true,"href":"https:\/\/www.tierslivre.net\/ateliers\/wp-json\/wp\/v2\/comments?post=208330"}],"version-history":[{"count":6,"href":"https:\/\/www.tierslivre.net\/ateliers\/wp-json\/wp\/v2\/pages\/208330\/revisions"}],"predecessor-version":[{"id":208352,"href":"https:\/\/www.tierslivre.net\/ateliers\/wp-json\/wp\/v2\/pages\/208330\/revisions\/208352"}],"up":[{"embeddable":true,"href":"https:\/\/www.tierslivre.net\/ateliers\/wp-json\/wp\/v2\/pages\/208328"}],"wp:attachment":[{"href":"https:\/\/www.tierslivre.net\/ateliers\/wp-json\/wp\/v2\/media?parent=208330"}],"curies":[{"name":"wp","href":"https:\/\/api.w.org\/{rel}","templated":true}]}}

<blockquote class="wp-block-quote is-layout-flow wp-block-quote-is-layout-flow">
<p><em>Du 27 avril au 28 juin, huit propositions basées sur le rôle et la présence d&rsquo;un livre dans le développement de l&rsquo;imaginaire d&rsquo;un récit et sa fiction. <br>Au terme des huit semaines, un livre-somme du parcours, réservé aux participant·e·s.<br>Pour permettre à chacune et chacun de rectifier, modifier, corriger, polir, l&rsquo;élaboration du livre collectif se fera directement depuis le WordPress. Profitez-en, comme à l&rsquo;habitude, pour lectures réciproques et surtout petits commentaires d&rsquo;appui (62 506 commentaires sur le site au moment du lancement de ce cycle, on fera le décompte au bout des huit semaines) !</em><br><em>Comme à l&rsquo;accoutumée, à chacune de vos mises en ligne penser à cliquer les «catégories» (intitulé du cycle, et quelle proposition), et qu&rsquo;avec la petite case «définir l&rsquo;image mise en avant» elle apparaîtra dès la Une du site, pour le bonheur de toutes et tous&#8230; Rappel enfin : l&rsquo;ensemble de notre WordPress, volontairement, n&rsquo;est pas indexable par les robots des moteurs de recherche. <br>Et, à l&rsquo;intention de celles &amp; ceux qui nous rejoignent : bienvenue d&rsquo;abord, et pensez à un petit mail pour l&rsquo;ouverture de votre compte sur ce WordPress !</em><br><em>Enfin : page centralisée avec rappel du sommaire pour le <a href="https://www.patreon.com/posts/156566520?collection=1298595">téléchargement des docs d&rsquo;appui sur Patreon</a>. </em></p>
</blockquote>



<p>• #01| <a href="https://www.tierslivre.net/ateliers/le-livre-comme-fiction-01-le-livre-comme-description/">Michel Jullien, le livre comme description</a>;</p>



<p>• #02 | </p>



<p>• #03 | </p>



<p>• #04 |&nbsp;</p>



<p>• #05 |&nbsp;</p>



<p>• #06 | </p>



<p>• #07 | </p>



<p>• #08 |</p>



<p></p>

<p>Du 27 avril au 28 juin, huit propositions basées sur le rôle et la présence d&rsquo;un livre dans le développement de l&rsquo;imaginaire d&rsquo;un récit et sa fiction. Au terme des huit semaines, un livre-somme du parcours, réservé aux participant·e·s.Pour permettre à chacune et chacun de rectifier, modifier, corriger, polir, l&rsquo;élaboration du livre collectif se fera directement depuis le WordPress. Profitez-en, <a class="more-link" href="https://www.tierslivre.net/ateliers/en-cours-le-livre-comme-fiction/le-livre-comme-fiction-1-le-sommaire/">Continuer la lecture<span class="screen-reader-text">«le livre comme fiction» | 1, le sommaire</span><span class="meta-nav">&rarr;</span></a></p>
