{"id":21,"date":"2019-05-31T08:21:29","date_gmt":"2019-05-31T06:21:29","guid":{"rendered":"http:\/\/www.tierslivre.net\/ateliers\/?page_id=21"},"modified":"2022-12-26T08:37:36","modified_gmt":"2022-12-26T07:37:36","slug":"et-aussi-sur-tiers-livre","status":"publish","type":"page","link":"https:\/\/www.tierslivre.net\/ateliers\/atelier-index-sommaires\/et-aussi-sur-tiers-livre\/","title":{"rendered":"#cycles | vies, situations, personnages"},"content":{"rendered":"\n<p>\u2022 \u00abvies, visages, situations, personnages\u00bb : un nouveau cycle de 15 propositions, de mi-d\u00e9cembre 2019 \u00e0 fin mars 2020, <a href=\"https:\/\/www.tierslivre.net\/spip\/spip.php?article4865\">sommaire et inscriptions sur Tiers Livre<\/a> <\/p>\n\n\n\n<p>\u2022 <a href=\"https:\/\/www.tierslivre.net\/spip\/spip.php?article4866\">fonctionnement, inscriptions et tarifs voir ici <\/a><\/p>\n\n\n\n<p>\u2022 pour tout probl\u00e8me d&rsquo;acc\u00e8s au blog contributions et mot de passe, ne pas h\u00e9siter prendre contact par mail.<\/p>\n\n\n\n<p>\u2022 15 d\u00e9cembre, proposition 1, <a href=\"https:\/\/www.tierslivre.net\/spip\/spip.php?article4867\">\u00ab\u00e0 nul moment je n&rsquo;ai d\u00e9crit votre visage\u00bb (Edmond Jab\u00e8s)<\/a> \u2013 lors de la mise en ligne de votre contribution, pensez \u00e0 cocher les cat\u00e9gories : \u00abun hiver personnages\u00bb + \u00ab<a href=\"https:\/\/www.tierslivre.net\/ateliers\/category\/un-hiver-personnages\/personnages-1-visages\/\">personnages 1 | visages<\/a>\u00bb <\/p>\n\n\n\n<p>\u2022 25 d\u00e9cembre, proposition 2, <a href=\"http:\/\/www.tierslivre.net\/spip\/spip.php?article4874\">\u00abMadame Saint-John Perse, une g\u00e9n\u00e9alogie\u00bb<\/a>, pensez \u00e0 cocher la cat\u00e9gorie <a href=\"https:\/\/www.tierslivre.net\/ateliers\/category\/un-hiver-personnages\/personnages-2-saint-john-perse\/\">personnages #2 | saint-john perse<\/a><\/p>\n\n\n\n<p>\u2022 6 janvier, proposition 3, <a href=\"https:\/\/www.tierslivre.net\/spip\/spip.php?article4877\">personnages dans une foule (\u00e0 partir David Foster Wallace)<\/a> \u2013 lors de la mise en ligne de votre contribution, pensez \u00e0 cocher la cat\u00e9gorie <a href=\"https:\/\/www.tierslivre.net\/ateliers\/category\/personnages-3-foule\/\">personnages #3 | foule<\/a><\/p>\n\n\n\n<p>\u2022 25 janvier, proposition 4, croquis et projections, <a href=\"http:\/\/www.tierslivre.net\/spip\/spip.php?article4879\">imaginer c&rsquo;est voler<\/a>, \u00e0 partir d&rsquo;un livre d&rsquo;Arnaud Cathrine, pensez \u00e0 cocher la cat\u00e9gorie <a href=\"https:\/\/www.tierslivre.net\/ateliers\/category\/un-hiver-personnages\/personnages-4-croquis\/\">personnages #4 | croquis<\/a><\/p>\n\n\n\n<p>\u2022 9 f\u00e9vrier, proposition 5, <a href=\"https:\/\/www.tierslivre.net\/spip\/spip.php?article3821\">du dialogue \u00e0 un seul qui parle (Charles Juliet rencontre Samuel Beckett) <\/a>\u2013 tag : <a href=\"https:\/\/www.tierslivre.net\/ateliers\/category\/un-hiver-personnages\/personnage-5-rencontre\/\">personnages #5 | rencontre<\/a><\/p>\n\n\n\n<p>\u2022 24 f\u00e9vrier, proposition 6, <a href=\"http:\/\/www.tierslivre.net\/spip\/spip.php?article4883\">la fabrique Kolt\u00e8s du personnage<\/a> \u2013 tag <a href=\"https:\/\/www.tierslivre.net\/ateliers\/category\/personnages-6-for-interieur\/\">personnages #6 | for int\u00e9rieur<\/a><\/p>\n\n\n\n<p>\u2022 10 mars, propositions 7 &amp; 8 : <a href=\"https:\/\/www.tierslivre.net\/spip\/spip.php?article4904\">Bola\u00f1o, sc\u00e8ne avec t\u00e9l\u00e9phone<\/a> (tag #7 | t\u00e9l\u00e9phone) et <a href=\"https:\/\/www.tierslivre.net\/spip\/spip.php?article4441\">tout Mauvignier en une seule phrase<\/a> (tag #8 | une seule phrase)<\/p>\n\n\n\n<p>\u2022 2 avril, proposition 9 : <a href=\"https:\/\/www.tierslivre.net\/spip\/spip.php?article3826\">Bergounioux, temps r\u00e9f\u00e9rentiel &amp; temps du r\u00e9cit<\/a> (tag: #9 | Bergounioux)<\/p>\n\n\n\n<p><\/p>\n\n\n\n<p><\/p>\n\n\n\n<p>puis chaque 2 semaines (\u00e0 noter en <a href=\"https:\/\/www.tierslivre.net\/spip\/spip.php?article4865\">page sommaire<\/a> : des exercices suppl\u00e9mentaires en parcours libre)<\/p>\n","protected":false},"excerpt":{"rendered":"<p>\u2022 \u00abvies, visages, situations, personnages\u00bb : un nouveau cycle de 15 propositions, de mi-d\u00e9cembre 2019 \u00e0 fin mars 2020, sommaire et inscriptions sur Tiers Livre \u2022 fonctionnement, inscriptions et tarifs voir ici \u2022 pour tout probl\u00e8me d&rsquo;acc\u00e8s au blog contributions et mot de passe, ne pas h\u00e9siter prendre contact par mail. \u2022 15 d\u00e9cembre, proposition 1, \u00ab\u00e0 nul moment je <a class=\"more-link\" href=\"https:\/\/www.tierslivre.net\/ateliers\/atelier-index-sommaires\/et-aussi-sur-tiers-livre\/\">Continuer la lecture<span class=\"screen-reader-text\">#cycles | vies, situations, personnages<\/span><span class=\"meta-nav\">&rarr;<\/span><\/a><\/p>\n","protected":false},"author":1,"featured_media":0,"parent":65365,"menu_order":7,"comment_status":"closed","ping_status":"closed","template":"","meta":{"h5ap_radio_sources":[],"footnotes":""},"class_list":["post-21","page","type-page","status-publish","hentry"],"_links":{"self":[{"href":"https:\/\/www.tierslivre.net\/ateliers\/wp-json\/wp\/v2\/pages\/21","targetHints":{"allow":["GET"]}}],"collection":[{"href":"https:\/\/www.tierslivre.net\/ateliers\/wp-json\/wp\/v2\/pages"}],"about":[{"href":"https:\/\/www.tierslivre.net\/ateliers\/wp-json\/wp\/v2\/types\/page"}],"author":[{"embeddable":true,"href":"https:\/\/www.tierslivre.net\/ateliers\/wp-json\/wp\/v2\/users\/1"}],"replies":[{"embeddable":true,"href":"https:\/\/www.tierslivre.net\/ateliers\/wp-json\/wp\/v2\/comments?post=21"}],"version-history":[{"count":3,"href":"https:\/\/www.tierslivre.net\/ateliers\/wp-json\/wp\/v2\/pages\/21\/revisions"}],"predecessor-version":[{"id":111177,"href":"https:\/\/www.tierslivre.net\/ateliers\/wp-json\/wp\/v2\/pages\/21\/revisions\/111177"}],"up":[{"embeddable":true,"href":"https:\/\/www.tierslivre.net\/ateliers\/wp-json\/wp\/v2\/pages\/65365"}],"wp:attachment":[{"href":"https:\/\/www.tierslivre.net\/ateliers\/wp-json\/wp\/v2\/media?parent=21"}],"curies":[{"name":"wp","href":"https:\/\/api.w.org\/{rel}","templated":true}]}}