{"id":30506,"date":"2021-05-26T09:45:46","date_gmt":"2021-05-26T07:45:46","guid":{"rendered":"https:\/\/www.tierslivre.net\/ateliers\/?page_id=30506"},"modified":"2023-04-10T18:14:23","modified_gmt":"2023-04-10T16:14:23","slug":"cycle-ete-2021-on-prepare","status":"publish","type":"page","link":"https:\/\/www.tierslivre.net\/ateliers\/atelier-index-sommaires\/cycle-ete-2021-on-prepare\/","title":{"rendered":"de l\u2019atelier au livre, \u00abprogression\u00bb &#038; \u00abfaire un livre\u00bb"},"content":{"rendered":"\n<p><\/p>\n\n\n\n<figure class=\"wp-block-image size-large\"><img loading=\"lazy\" decoding=\"async\" width=\"1024\" height=\"682\" src=\"https:\/\/www.tierslivre.net\/ateliers\/wp-content\/uploads\/2021\/05\/chicagp-2013-1-sur-1-1-1024x682.jpg\" alt=\"\" class=\"wp-image-30510\" srcset=\"https:\/\/www.tierslivre.net\/ateliers\/wp-content\/uploads\/2021\/05\/chicagp-2013-1-sur-1-1-1024x682.jpg 1024w, https:\/\/www.tierslivre.net\/ateliers\/wp-content\/uploads\/2021\/05\/chicagp-2013-1-sur-1-1-420x280.jpg 420w, https:\/\/www.tierslivre.net\/ateliers\/wp-content\/uploads\/2021\/05\/chicagp-2013-1-sur-1-1-768x512.jpg 768w, https:\/\/www.tierslivre.net\/ateliers\/wp-content\/uploads\/2021\/05\/chicagp-2013-1-sur-1-1.jpg 1280w\" sizes=\"auto, (max-width: 1024px) 100vw, 1024px\" \/><\/figure>\n\n\n\n<p><\/p>\n\n\n\n<p class=\"has-text-align-center has-small-font-size\">le <a href=\"http:\/\/www.tierslivre.net\/spip\/spip.php?article4968\">sommaire g\u00e9n\u00e9ral de l&rsquo;ensemble<\/a> des 2 cycles, repris ici, est disponible sur Tiers Livre<\/p>\n\n\n\n<p><strong>le prologue commun<\/strong><\/p>\n\n\n\n<p class=\"has-small-font-size\"><a href=\"http:\/\/www.tierslivre.net\/spip\/spip.php?article4967\">100 mots et de l&rsquo;eau, prologue<\/a> commun aux deux cycles, et sa version imprim\u00e9e \u2013 cliquer sur <a href=\"https:\/\/www.tierslivre.net\/ateliers\/category\/ete-2021-les-cycles\/prologue\/\">#prologue<\/a><\/p>\n\n\n\n<p class=\"has-normal-font-size\"><strong>la fabrique, le dictionnaire<\/strong><\/p>\n\n\n\n<p>deux ensembles suppl\u00e9mentaires aux fronti\u00e8res, mais qui vont donner coh\u00e9rence ) notre d\u00e9marche : <\/p>\n\n\n\n<p>\u2022 notre <a href=\"https:\/\/www.tierslivre.net\/revue\/spip.php?article634\">dictionnaire du comment \u00e9crire<\/a>, lanc\u00e9 en avril 2021 via le Patreon du site, est d\u00e9sormais ouvert \u00e0 tou.te.s les participant.e.s aux cycles d&rsquo;\u00e9t\u00e9 pour leurs contributions<\/p>\n\n\n\n<p>\u2022 avec <a href=\"https:\/\/www.tierslivre.net\/ateliers\/category\/ete-2021-les-cycles\/la-fabrique\/\">la fabrique<\/a>, une s\u00e9rie d&rsquo;interventions (et bien s\u00fbr c&rsquo;est ouvert) sur vos propres exp\u00e9riences, pr\u00e9sentations de lieux ou d&rsquo;asso, liens vers ateliers significatifs que vous avez men\u00e9 etc, ou bien r\u00e9flexion et d\u00e9bats (j&rsquo;y participe avec une <a href=\"https:\/\/www.tierslivre.net\/ateliers\/la-fabrique-francois-bon-je-dirai-des-souvenirs\/\" data-type=\"URL\" data-id=\"https:\/\/www.tierslivre.net\/ateliers\/la-fabrique-francois-bon-je-dirai-des-souvenirs\/\">s\u00e9rie de souvenirs<\/a> \u2013 fb)<\/p>\n\n\n\n<p class=\"has-normal-font-size\"><strong>cycle \u00abprogression\u00bb<\/strong><\/p>\n\n\n\n<p class=\"has-small-font-size\">1, <a href=\"http:\/\/www.tierslivre.net\/spip\/spip.php?article4970\">Perec, lieux o\u00f9 j&rsquo;ai dormi <\/a>\u2013 cliquer sur livre <a href=\"https:\/\/www.tierslivre.net\/ateliers\/category\/ete-2021-les-cycles\/pete-2021-progression\/progression-1-perec\/\">progression #1 Perec<\/a><\/p>\n\n\n\n<p class=\"has-small-font-size\">2. <a href=\"http:\/\/www.tierslivre.net\/spip\/spip.php?article4973\">les accumulations Tarkos<\/a> \u2013 cliquer sur cat\u00e9gorie <a href=\"https:\/\/www.tierslivre.net\/ateliers\/category\/ete-2021-les-cycles\/pete-2021-progression\/progression-2\/\">progression #2 Tarkos<\/a><\/p>\n\n\n\n<p class=\"has-small-font-size\">3, <a href=\"http:\/\/www.tierslivre.net\/spip\/spip.php?article4974\">Ryoko Sekiguchi, les doigts dans la bouche<\/a> \u2013 cliquer sur cat\u00e9gorie <a href=\"https:\/\/www.tierslivre.net\/ateliers\/category\/ete-2021-les-cycles\/pete-2021-progression\/progression-3\/\" data-type=\"URL\" data-id=\"https:\/\/www.tierslivre.net\/ateliers\/category\/ete-2021-les-cycles\/pete-2021-progression\/progression-3\/\">progression #3<\/a><\/p>\n\n\n\n<p class=\"has-small-font-size\">4, <a href=\"https:\/\/www.tierslivre.net\/spip\/spip.php?article3823\">Nathalie Sarraute, ah ne me parlez pas de \u00e7a<\/a> \u2013 cliquer sur cat\u00e9gorie <a href=\"https:\/\/www.tierslivre.net\/ateliers\/category\/ete-2021-les-cycles\/pete-2021-progression\/progression-4-sarraute\/\">progression #4<\/a><\/p>\n\n\n\n<p>5, <a href=\"https:\/\/www.tierslivre.net\/spip\/spip.php?article4977\">Antonin Artaud, extr\u00eame secousse<\/a>, cliquer sur cat\u00e9gorie <a href=\"https:\/\/www.tierslivre.net\/ateliers\/category\/ete-2021-les-cycles\/pete-2021-progression\/progression-5-artaud\/\">progression #5<\/a><\/p>\n\n\n\n<p>6,<a rel=\"noreferrer noopener\" href=\"https:\/\/www.tierslivre.net\/spip\/spip.php?article4981\" data-type=\"URL\" data-id=\"https:\/\/www.tierslivre.net\/spip\/spip.php?article4981\" target=\"_blank\"> la main tendue de Franz Kafka<\/a>, cliquer sur cat\u00e9gorie <a rel=\"noreferrer noopener\" href=\"https:\/\/www.tierslivre.net\/ateliers\/category\/ete-2021-les-cycles\/pete-2021-progression\/progression-6-kafka\/\" data-type=\"URL\" data-id=\"https:\/\/www.tierslivre.net\/ateliers\/category\/ete-2021-les-cycles\/pete-2021-progression\/progression-6-kafka\/\" target=\"_blank\">progression #6<\/a><\/p>\n\n\n\n<p>7, <a href=\"http:\/\/www.tierslivre.net\/spip\/spip.php?article4993\">variations sur paysage, avec Julien Gracq<\/a>, cliquer sur <a href=\"https:\/\/www.tierslivre.net\/ateliers\/category\/ete-2021-les-cycles\/pete-2021-progression\/progression-7-gracq\/\">cat\u00e9gorie #7<\/a>.<\/p>\n\n\n\n<p>8, <a href=\"http:\/\/www.tierslivre.net\/spip\/spip.php?article3657\">le \u00abtu\u00bb de Charles Juliet<\/a>, cliquer sur <a href=\"https:\/\/www.tierslivre.net\/ateliers\/category\/ete-2021-les-cycles\/pete-2021-progression\/progression-8-juliet\/\">cat\u00e9gorie #8 Juliet<\/a> .<\/p>\n\n\n\n<p>9, <a href=\"https:\/\/www.tierslivre.net\/spip\/spip.php?article4996\">r\u00e9cit &amp; photographie : Annie Ernaux<\/a>, cliquer sur cat\u00e9gorie  <a href=\"https:\/\/www.tierslivre.net\/ateliers\/category\/ete-2021-les-cycles\/pete-2021-progression\/progression-9-ernaux\/\">progression #9 Ernaux<\/a><\/p>\n\n\n\n<p>hors-s\u00e9rie, <a href=\"https:\/\/www.tierslivre.net\/spip\/spip.php?article4997\">Francis Ponge, r\u00e9cits de l&rsquo;objet<\/a>, cliquer sur <a href=\"https:\/\/www.tierslivre.net\/ateliers\/category\/ete-2021-les-cycles\/hors-serie\/hors-serie-2-objets\/\">cat\u00e9gorie hors-s\u00e9rie #2 objets<\/a><\/p>\n\n\n\n<p>10, <a href=\"https:\/\/www.tierslivre.net\/spip\/spip.php?article4999\">filer le dialogue, avec Laura Vazquez<\/a> cliquer sur <a href=\"https:\/\/www.tierslivre.net\/ateliers\/category\/ete-2021-les-cycles\/pete-2021-progression\/non-classe\/\">c<\/a><a href=\"https:\/\/www.tierslivre.net\/ateliers\/category\/ete-2021-les-cycles\/pete-2021-progrehttps:\/\/www.tierslivre.net\/ateliers\/category\/ete-2021-les-cycles\/pete-2021-progression\/dialogue\/ssion\/non-classe\/\">at\u00e9gorie #10 dialogue<\/a><\/p>\n\n\n\n<p>11, <a href=\"https:\/\/www.tierslivre.net\/spip\/spip.php?article5007\">bruits &amp; voix<\/a>, cliquer sur <a href=\"https:\/\/www.tierslivre.net\/ateliers\/category\/ete-2021-les-cycles\/pete-2021-progression\/progression-11-bruits-voix\/\">cat\u00e9gorie #11 bruits &amp; voix<\/a><\/p>\n\n\n\n<p>12, <a href=\"https:\/\/www.tierslivre.net\/spip\/spip.php?article5012\">Bola\u00f1o, 56 fois Anvers<\/a>, cliquer sur <a href=\"https:\/\/www.tierslivre.net\/ateliers\/category\/ete-2021-les-cycles\/pete-2021-progression\/progression-12-bolano\/\" data-type=\"URL\" data-id=\"https:\/\/www.tierslivre.net\/ateliers\/category\/ete-2021-les-cycles\/pete-2021-progression\/progression-12-bolano\/\">cat\u00e9gorie #12 Bolano<\/a><\/p>\n\n\n\n<p class=\"has-normal-font-size\"><strong>cycle \u201cfaire un livre\u00bb<\/strong><\/p>\n\n\n\n<p class=\"has-small-font-size\">1, <a href=\"http:\/\/www.tierslivre.net\/spip\/spip.php?article4969\">quelqu&rsquo;un arrive quelque part<\/a> \u2013 cliquer sur <a href=\"https:\/\/www.tierslivre.net\/ateliers\/category\/ete-2021-les-cycles\/2021-faire-un-livre\/livre-1\/\">livre #1<\/a><\/p>\n\n\n\n<p class=\"has-small-font-size\">2, <a href=\"http:\/\/www.tierslivre.net\/spip\/spip.php?article4972\">ce qu&rsquo;il.elle ne sait pas<\/a> \u2013 cliquer sur cat\u00e9gorie <a href=\"https:\/\/www.tierslivre.net\/ateliers\/category\/ete-2021-les-cycles\/2021-faire-un-livre\/livre-2\/\">livre #2<\/a><\/p>\n\n\n\n<p class=\"has-small-font-size\">3. <a href=\"http:\/\/www.tierslivre.net\/spip\/spip.php?article4975\">Faulkner, le principe Vardaman<\/a> \u2013 cliquer sur cat\u00e9gorie <a href=\"https:\/\/www.tierslivre.net\/ateliers\/category\/ete-2021-les-cycles\/2021-faire-un-livre\/livre-3\/\">livre #3<\/a> <\/p>\n\n\n\n<p class=\"has-small-font-size\">4, <a href=\"http:\/\/www.tierslivre.net\/spip\/spip.php?article1774\">mais c&rsquo;est quoi un livre (la Sentimenth\u00e8que de Patrick Chamoiseau)<\/a> \u2013&nbsp;cliquer sur cat\u00e9gorie <a href=\"https:\/\/www.tierslivre.net\/ateliers\/category\/ete-2021-les-cycles\/2021-faire-un-livre\/livre-4-sentimentheque\/\">livre #4 Sentimenth\u00e8que<\/a><\/p>\n\n\n\n<p>5, <a href=\"https:\/\/www.tierslivre.net\/spip\/spip.php?article4976\">Claude Simon, expansion, d\u00e9calcomanies<\/a> \u2013 cliquer sur cat\u00e9gorie <a href=\"https:\/\/www.tierslivre.net\/ateliers\/category\/ete-2021-les-cycles\/2021-faire-un-livre\/livre-5\/\">livre #5<\/a><\/p>\n\n\n\n<p>6,<a rel=\"noreferrer noopener\" href=\"https:\/\/www.tierslivre.net\/spip\/spip.php?article4981\" data-type=\"URL\" data-id=\"https:\/\/www.tierslivre.net\/spip\/spip.php?article4981\" target=\"_blank\"> logique du seul, chez Franz Kafka<\/a>, cliquer sur cat\u00e9gorie <a rel=\"noreferrer noopener\" href=\"https:\/\/www.tierslivre.net\/ateliers\/category\/ete-2021-les-cycles\/2021-faire-un-livre\/livre-6\/\" data-type=\"URL\" data-id=\"https:\/\/www.tierslivre.net\/ateliers\/category\/ete-2021-les-cycles\/2021-faire-un-livre\/livre-6\/\" target=\"_blank\">livre #6<\/a><\/p>\n\n\n\n<p>7, <a href=\"http:\/\/www.tierslivre.net\/spip\/spip.php?article4992\">le Shining d&rsquo;\u00c9ric Pessan<\/a>, cliquer sur cat\u00e9gorie <a href=\"https:\/\/www.tierslivre.net\/ateliers\/category\/ete-2021-les-cycles\/2021-faire-un-livre\/livre-7\/\">livre #7<\/a>. <\/p>\n\n\n\n<p>8, <a href=\"http:\/\/www.tierslivre.net\/spip\/spip.php?article4994\">voix de la prose, Jean-Paul Goux<\/a>, cliquer sur cat\u00e9gorie <a href=\"https:\/\/www.tierslivre.net\/ateliers\/category\/ete-2021-les-cycles\/2021-faire-un-livre\/livre-8-goux\/\">livre #8<\/a>.<\/p>\n\n\n\n<p>9, <a href=\"https:\/\/www.tierslivre.net\/spip\/spip.php?article4995\">documenter c&rsquo;est \u00e9crire, Emmanuelle Pireyre<\/a>, cliquer sur cat\u00e9gorie<a href=\"https:\/\/www.tierslivre.net\/ateliers\/category\/ete-2021-les-cycles\/pete-2021-progression\/progression-9-ernaux\/\"> livre #9 <\/a><\/p>\n\n\n\n<p>hors-s\u00e9rie, <a href=\"https:\/\/www.tierslivre.net\/spip\/spip.php?article4997\">Francis Ponge, r\u00e9cits de l&rsquo;objet<\/a>, cliquer sur <a href=\"https:\/\/www.tierslivre.net\/ateliers\/category\/ete-2021-les-cycles\/hors-serie\/hors-serie-2-objets\/\">cat\u00e9gorie hors-s\u00e9rie #2 objets<\/a><\/p>\n\n\n\n<p>10 : <a href=\"https:\/\/www.tierslivre.net\/spip\/spip.php?article4998\">Thomas Bernhard, l&rsquo;expansion par effondrement<\/a>, cliquer sur <a href=\"https:\/\/www.tierslivre.net\/ateliers\/category\/ete-2021-les-cycles\/2021-faire-un-livre\/livre-10-bernhard\/\">cat\u00e9gorie #10 Bernhard<\/a>.<\/p>\n\n\n\n<p>11, <a href=\"https:\/\/www.tierslivre.net\/spip\/spip.php?article5006\">non pas, ou la rel\u00e8ve du n\u00e9gatif<\/a>, cliquer sur <a href=\"https:\/\/www.tierslivre.net\/ateliers\/category\/ete-2021-les-cycles\/2021-faire-un-livre\/livre-11\/\">cat\u00e9gorie #11 non pas<\/a><\/p>\n\n\n\n<p>12, <a href=\"https:\/\/www.tierslivre.net\/spip\/spip.php?article5011\">qu&rsquo;est-ce qu&rsquo;une phrase ?<\/a>, cliquer sur<a href=\"https:\/\/www.tierslivre.net\/ateliers\/category\/ete-2021-les-cycles\/2021-faire-un-livre\/livre-12-phrase\/\"> cat\u00e9gorie #12 phrase<\/a><\/p>\n\n\n\n<p class=\"has-normal-font-size\"><strong>cycle \u00abformation de formateurs\u00bb<\/strong><\/p>\n\n\n\n<p class=\"has-small-font-size\">pr\u00e9sentation, <a href=\"https:\/\/www.youtube.com\/watch?v=NMKX0Ei9bWc\">pour une m\u00e9thodologie de l&rsquo;atelier d&rsquo;\u00e9criture<\/a><\/p>\n\n\n\n<p class=\"has-small-font-size\"><\/p>\n\n\n\n<p>nota : en r\u00e9am\u00e9nagement, les archives bient\u00f4t de nouveau consultables \u2013 se r\u00e9f\u00e9rer pour l&rsquo;instant \u00e0 la lettre d&rsquo;info sp\u00e9cifique<\/p>\n\n\n\n<p><\/p>\n\n\n\n<p class=\"has-small-font-size\">\u2022 linscriptionsjusqu&rsquo;\u00e0 fin juin on peut encore embarquer quelques retardataires :  <a href=\"https:\/\/www.tierslivre.net\/spip\/spip.php?article4955\">choisir sa formule et proc\u00e9der au paiement<\/a>, vous recevrez lettre de confirmation d\u00e8s r\u00e9ception;<\/p>\n\n\n\n<p class=\"has-small-font-size\">\u2022&nbsp;<a href=\"https:\/\/www.tierslivre.net\/spip\/spip.php?article4955\">tous renseignements (et vid\u00e9o pr\u00e9sentation) ici sur Tiers Livre<\/a><\/p>\n\n\n\n<p><\/p>\n","protected":false},"excerpt":{"rendered":"<p>le sommaire g\u00e9n\u00e9ral de l&rsquo;ensemble des 2 cycles, repris ici, est disponible sur Tiers Livre le prologue commun 100 mots et de l&rsquo;eau, prologue commun aux deux cycles, et sa version imprim\u00e9e \u2013 cliquer sur #prologue la fabrique, le dictionnaire deux ensembles suppl\u00e9mentaires aux fronti\u00e8res, mais qui vont donner coh\u00e9rence ) notre d\u00e9marche : \u2022 notre dictionnaire du comment \u00e9crire, <a class=\"more-link\" href=\"https:\/\/www.tierslivre.net\/ateliers\/atelier-index-sommaires\/cycle-ete-2021-on-prepare\/\">Continuer la lecture<span class=\"screen-reader-text\">de l\u2019atelier au livre, \u00abprogression\u00bb &#038; \u00abfaire un livre\u00bb<\/span><span class=\"meta-nav\">&rarr;<\/span><\/a><\/p>\n","protected":false},"author":1,"featured_media":30509,"parent":65365,"menu_order":5,"comment_status":"closed","ping_status":"closed","template":"","meta":{"h5ap_radio_sources":[],"footnotes":""},"class_list":["post-30506","page","type-page","status-publish","has-post-thumbnail","hentry"],"_links":{"self":[{"href":"https:\/\/www.tierslivre.net\/ateliers\/wp-json\/wp\/v2\/pages\/30506","targetHints":{"allow":["GET"]}}],"collection":[{"href":"https:\/\/www.tierslivre.net\/ateliers\/wp-json\/wp\/v2\/pages"}],"about":[{"href":"https:\/\/www.tierslivre.net\/ateliers\/wp-json\/wp\/v2\/types\/page"}],"author":[{"embeddable":true,"href":"https:\/\/www.tierslivre.net\/ateliers\/wp-json\/wp\/v2\/users\/1"}],"replies":[{"embeddable":true,"href":"https:\/\/www.tierslivre.net\/ateliers\/wp-json\/wp\/v2\/comments?post=30506"}],"version-history":[{"count":3,"href":"https:\/\/www.tierslivre.net\/ateliers\/wp-json\/wp\/v2\/pages\/30506\/revisions"}],"predecessor-version":[{"id":111174,"href":"https:\/\/www.tierslivre.net\/ateliers\/wp-json\/wp\/v2\/pages\/30506\/revisions\/111174"}],"up":[{"embeddable":true,"href":"https:\/\/www.tierslivre.net\/ateliers\/wp-json\/wp\/v2\/pages\/65365"}],"wp:featuredmedia":[{"embeddable":true,"href":"https:\/\/www.tierslivre.net\/ateliers\/wp-json\/wp\/v2\/media\/30509"}],"wp:attachment":[{"href":"https:\/\/www.tierslivre.net\/ateliers\/wp-json\/wp\/v2\/media?parent=30506"}],"curies":[{"name":"wp","href":"https:\/\/api.w.org\/{rel}","templated":true}]}}