{"id":61079,"date":"2021-12-09T08:03:53","date_gmt":"2021-12-09T07:03:53","guid":{"rendered":"https:\/\/www.tierslivre.net\/ateliers\/?page_id=61079"},"modified":"2022-11-09T15:23:18","modified_gmt":"2022-11-09T14:23:18","slug":"chambery-2","status":"publish","type":"page","link":"https:\/\/www.tierslivre.net\/ateliers\/atelier-index-sommaires\/cycle-autobiographie\/les-ateliers-tiers-livre\/chambery\/chambery-2\/","title":{"rendered":"Chamb\u00e9ry 2021-2022"},"content":{"rendered":"\n<h2 class=\"wp-block-heading\">Atelier Mars<\/h2>\n\n\n\n<p>_ <strong>vendredi 1er avril<\/strong><\/p>\n\n\n\n<p>1, Saint-John Perse<\/p>\n\n\n\n<div data-wp-interactive=\"core\/file\" class=\"wp-block-file\"><object data-wp-bind--hidden=\"!state.hasPdfPreview\" hidden class=\"wp-block-file__embed\" data=\"https:\/\/www.tierslivre.net\/ateliers\/wp-content\/uploads\/2022\/04\/ST_JOHN_PERSE_EXIL.pdf\" type=\"application\/pdf\" style=\"width:100%;height:600px\" aria-label=\"Contenu embarqu\u00e9 ST_JOHN_PERSE_EXIL.\"><\/object><a id=\"wp-block-file--media-733f4b67-bce7-4416-8ecd-621ff7d4c338\" href=\"https:\/\/www.tierslivre.net\/ateliers\/wp-content\/uploads\/2022\/04\/ST_JOHN_PERSE_EXIL.pdf\">ST_JOHN_PERSE_EXIL<\/a><a href=\"https:\/\/www.tierslivre.net\/ateliers\/wp-content\/uploads\/2022\/04\/ST_JOHN_PERSE_EXIL.pdf\" class=\"wp-block-file__button wp-element-button\" download aria-describedby=\"wp-block-file--media-733f4b67-bce7-4416-8ecd-621ff7d4c338\">T\u00e9l\u00e9charger<\/a><\/div>\n\n\n\n<div data-wp-interactive=\"core\/file\" class=\"wp-block-file\"><object data-wp-bind--hidden=\"!state.hasPdfPreview\" hidden class=\"wp-block-file__embed\" data=\"https:\/\/www.tierslivre.net\/ateliers\/wp-content\/uploads\/2022\/04\/MARET_Julien_Ameublement_interieurs.pdf\" type=\"application\/pdf\" style=\"width:100%;height:600px\" aria-label=\"Contenu embarqu\u00e9 MARET_Julien_Ameublement_interieurs.\"><\/object><a id=\"wp-block-file--media-96ef0e2b-7afe-446a-b2b0-8f8fca27f361\" href=\"https:\/\/www.tierslivre.net\/ateliers\/wp-content\/uploads\/2022\/04\/MARET_Julien_Ameublement_interieurs.pdf\">MARET_Julien_Ameublement_interieurs<\/a><a href=\"https:\/\/www.tierslivre.net\/ateliers\/wp-content\/uploads\/2022\/04\/MARET_Julien_Ameublement_interieurs.pdf\" class=\"wp-block-file__button wp-element-button\" download aria-describedby=\"wp-block-file--media-96ef0e2b-7afe-446a-b2b0-8f8fca27f361\">T\u00e9l\u00e9charger<\/a><\/div>\n\n\n\n<h2 class=\"wp-block-heading\">_jeudi 30 mars<\/h2>\n\n\n\n<p><strong>podcast sur Anchor<\/strong><\/p>\n\n\n\n<p>se connecter sur <a href=\"https:\/\/anchor.fm\/\">anchor.fm<\/a> \u2013 puis \u00absign in\u00bb : mail chambery@tierslivre.net et mdp chamberymars2022<\/p>\n\n\n\n<p>ensuite \u00abcr\u00e9er un \u00e9pisode\u00bb : t\u00e9l\u00e9charger le mp3, puis remplir le titre (auteurice + titre) et \u00abpublish\u00bb<\/p>\n\n\n\n<p>3 _ Maison des feuilles<\/p>\n\n\n\n<p>_ l&rsquo;\u00e9tude d&rsquo;Ana\u00efs Guilet \u00ab<a href=\"https:\/\/journals.openedition.org\/trans\/263\">chaos domestique et impossible domestication du chaos<\/a>\u00bb&#8230; et \u00ab<a href=\"http:\/\/revuepostures.com\/sites\/postures.aegir.nt2.uqam.ca\/files\/guilet-11.pdf\">folies marginales et marginaux fous<\/a>\u00ab<\/p>\n\n\n\n<p>_ samples de la Maison des feuilles, traduction Claro<\/p>\n\n\n\n<div data-wp-interactive=\"core\/file\" class=\"wp-block-file\"><object data-wp-bind--hidden=\"!state.hasPdfPreview\" hidden class=\"wp-block-file__embed\" data=\"https:\/\/www.tierslivre.net\/ateliers\/wp-content\/uploads\/2022\/03\/DANIELEWSKI_MaisonDesFeuilles_samples-copie.pdf\" type=\"application\/pdf\" style=\"width:100%;height:600px\" aria-label=\"Contenu embarqu\u00e9 DANIELEWSKI_MaisonDesFeuilles_samples-copie.\"><\/object><a id=\"wp-block-file--media-03ad4a10-7f6c-4834-88e0-645f6f2c7e8d\" href=\"https:\/\/www.tierslivre.net\/ateliers\/wp-content\/uploads\/2022\/03\/DANIELEWSKI_MaisonDesFeuilles_samples-copie.pdf\">DANIELEWSKI_MaisonDesFeuilles_samples-copie<\/a><a href=\"https:\/\/www.tierslivre.net\/ateliers\/wp-content\/uploads\/2022\/03\/DANIELEWSKI_MaisonDesFeuilles_samples-copie.pdf\" class=\"wp-block-file__button wp-element-button\" download aria-describedby=\"wp-block-file--media-03ad4a10-7f6c-4834-88e0-645f6f2c7e8d\">T\u00e9l\u00e9charger<\/a><\/div>\n\n\n\n<p><\/p>\n\n\n\n<p>1 \u2013&nbsp;<strong>Artaud<\/strong>, ci-dessous extrait du P\u00e8se-Nerfs \u2013 \u00e0 voir sur YouTube : Le proc\u00e8s de Jeanne d&rsquo;Arc \u2013 et cat\u00e9gorie <a href=\"https:\/\/www.tierslivre.net\/ateliers\/category\/ensapc-googlestreetview\/chambery-2022\/01-hors-de-controle\/\">Chamb\u00e9ry 2022 \u2013 hors de contr\u00f4le<\/a><\/p>\n\n\n\n<div data-wp-interactive=\"core\/file\" class=\"wp-block-file\"><object data-wp-bind--hidden=\"!state.hasPdfPreview\" hidden class=\"wp-block-file__embed\" data=\"https:\/\/www.tierslivre.net\/ateliers\/wp-content\/uploads\/2022\/03\/ARTAUD_PESENERFS-copie.pdf\" type=\"application\/pdf\" style=\"width:100%;height:600px\" aria-label=\"Contenu embarqu\u00e9 ARTAUD_PESENERFS-copie.\"><\/object><a id=\"wp-block-file--media-1b5d4ced-8042-49ea-b90d-acb6f9c3b047\" href=\"https:\/\/www.tierslivre.net\/ateliers\/wp-content\/uploads\/2022\/03\/ARTAUD_PESENERFS-copie.pdf\">ARTAUD_PESENERFS-copie<\/a><a href=\"https:\/\/www.tierslivre.net\/ateliers\/wp-content\/uploads\/2022\/03\/ARTAUD_PESENERFS-copie.pdf\" class=\"wp-block-file__button wp-element-button\" download aria-describedby=\"wp-block-file--media-1b5d4ced-8042-49ea-b90d-acb6f9c3b047\">T\u00e9l\u00e9charger<\/a><\/div>\n\n\n\n<p><a href=\"https:\/\/www.tierslivre.net\/ateliers\/category\/ensapc-googlestreetview\/chambery-2022\/01-hors-de-controle\/\">#01- Hors de contr\u00f4le<\/a><\/p>\n\n\n\n<p>2 _ Serine Berottier, \u00abHabiter\u00bb, Les inaper\u00e7us<\/p>\n\n\n\n<div data-wp-interactive=\"core\/file\" class=\"wp-block-file\"><object data-wp-bind--hidden=\"!state.hasPdfPreview\" hidden class=\"wp-block-file__embed\" data=\"https:\/\/www.tierslivre.net\/ateliers\/wp-content\/uploads\/2022\/03\/BERLOTTIER_Sereine_144_Habiter_extraits-copie.pdf\" type=\"application\/pdf\" style=\"width:100%;height:600px\" aria-label=\"Contenu embarqu\u00e9 BERLOTTIER_Sereine_144_Habiter_extraits-copie.\"><\/object><a id=\"wp-block-file--media-b125050b-8268-4215-961d-bf2d77d9d82c\" href=\"https:\/\/www.tierslivre.net\/ateliers\/wp-content\/uploads\/2022\/03\/BERLOTTIER_Sereine_144_Habiter_extraits-copie.pdf\">BERLOTTIER_Sereine_144_Habiter_extraits-copie<\/a><a href=\"https:\/\/www.tierslivre.net\/ateliers\/wp-content\/uploads\/2022\/03\/BERLOTTIER_Sereine_144_Habiter_extraits-copie.pdf\" class=\"wp-block-file__button wp-element-button\" download aria-describedby=\"wp-block-file--media-b125050b-8268-4215-961d-bf2d77d9d82c\">T\u00e9l\u00e9charger<\/a><\/div>\n\n\n\n<p><a href=\"https:\/\/www.tierslivre.net\/ateliers\/category\/ensapc-googlestreetview\/chambery-2022\/02-habiter\/\">#02-Habiter<\/a><\/p>\n\n\n\n<p><\/p>\n\n\n\n<h2 class=\"wp-block-heading\">Atelier D\u00e9cembre<\/h2>\n\n\n\n<p>jo<strong>ur 1<\/strong><\/p>\n\n\n\n<p>1, Sarraute, cat\u00e9gorie Comment on parle, <a href=\"https:\/\/www.tierslivre.net\/chambery\/SARRAUTE.pdf\">doc joint<\/a><\/p>\n\n\n\n<p>2, Kaplan, cat\u00e9gorie image urbaine, et <a href=\"https:\/\/www.tierslivre.net\/chambery\/KAPLAN.pdf\">doc joint<\/a><\/p>\n\n\n\n<p>3, Collobert, cat\u00e9gorie travelling et <a rel=\"noreferrer noopener\" href=\"https:\/\/www.tierslivre.net\/chambery\/COLLOBERT.pdf\" target=\"_blank\">doc joint<\/a><\/p>\n\n\n\n<p>4, Sumana Roy, cat\u00e9gorie arbre, et <a href=\"https:\/\/www.tierslivre.net\/chambery\/ROY.pdf\">doc joint<\/a><\/p>\n\n\n\n<p><strong>jour 2<\/strong><\/p>\n\n\n\n<p>1, Stein voir doc joint <a href=\"https:\/\/www.tierslivre.net\/chambery\/STEIN.pdf\">nourritures<\/a> (plus <a href=\"https:\/\/www.tierslivre.net\/chambery\/Stein.objets.pdf\">objets bilingues)<\/a> et Ryoko Sekiguchi <a href=\"https:\/\/www.tierslivre.net\/chambery\/SEKIGUCHI.pdf\">doc joint \u00abManger fant\u00f4me\u00bb<\/a><\/p>\n\n\n\n<p>_ Ernaux, hashtag images disclusives, et <a href=\"https:\/\/www.tierslivre.net\/chambery\/ERNAUX.pdf\">doc joint<\/a> <\/p>\n\n\n\n<p>_ Madeleine Project, <a href=\"https:\/\/www.tierslivre.net\/chambery\/BEAUDOUX_intro.pdf\">intro de Clara Beaudoux<\/a>, <a href=\"https:\/\/www.tierslivre.net\/chambery\/BEAUDOUX_facsimile.pdf\">scan du d\u00e9but<\/a><\/p>\n\n\n\n<p>_ Laura VAZQUEZ, <a href=\"https:\/\/www.tierslivre.net\/chambery\/VAZQUEZ.pdf\">personnages<\/a><\/p>\n\n\n\n<p>_ Nathalie Quintane, Saint-Tropez, <a href=\"https:\/\/www.tierslivre.net\/chambery\/QUINTANE.pdf\">doc joint<\/a><\/p>\n\n\n\n<p><\/p>\n\n\n\n<figure class=\"wp-block-embed is-type-video is-provider-youtube wp-block-embed-youtube wp-embed-aspect-16-9 wp-has-aspect-ratio\"><div class=\"wp-block-embed__wrapper\">\n<iframe loading=\"lazy\" title=\"Chambe\u0301ry 2021 | prologue, 1 paysage, 3 e\u0301nonciateurs !\" width=\"800\" height=\"450\" src=\"https:\/\/www.youtube.com\/embed\/ElqVgVW1odc\" frameborder=\"0\" allow=\"accelerometer; autoplay; clipboard-write; encrypted-media; gyroscope; picture-in-picture; web-share\" referrerpolicy=\"strict-origin-when-cross-origin\" allowfullscreen><\/iframe>\n<\/div><figcaption class=\"wp-element-caption\">Chamb\u00e9ry, prologue, 1 paysage, 3 \u00e9nonciateurs<\/figcaption><\/figure>\n\n\n\n<p><strong>\u00e0 l&rsquo;attention des participants Tiers Livre, atelier permanent<\/strong><\/p>\n\n\n\n<p>cher.e.s ami.e.s de Tiers Livre : les 7 et 8 d\u00e9cembre, nous travaillons \u00e0 la fac de Lettres Chamb\u00e9ry, workshop organis\u00e9 par Ana\u00efs Guilet et Dominique Pety \u2013 la Une du site va \u00eatre travers\u00e9e de nos mises en ligne, d&rsquo;abord pour ce prologue, ensuite les 2 jours de l&rsquo;atelier lui-m\u00eame&#8230; \u00e0 la SNCF on dirait \u00abd\u00e9sol\u00e9 pour la g\u00eane occasionn\u00e9e\u00bb, mais ici tout le contraire ! bien s\u00fbr, en cliquant \u00e0 droite sur les cat\u00e9gories \u00abautobiographies\u00bb ou en ouvrant la rubrique \u00aben ce moment\u00bb dans le sommaire, ou tout simplement <a href=\"https:\/\/www.tierslivre.net\/ateliers\/category\/atelier-permanent\/\">en cliquant ici-m\u00eame \u00abatelier permanent\u00bb<\/a> vous retrouverez tous vos textes, et le blog dans son rythme habituel ! <\/p>\n\n\n\n<figure class=\"wp-block-image size-full is-resized\"><img loading=\"lazy\" decoding=\"async\" src=\"https:\/\/www.tierslivre.net\/ateliers\/wp-content\/uploads\/2021\/11\/chambery-2019-1-sur-1.jpg\" alt=\"\" class=\"wp-image-59156\" width=\"735\" height=\"490\" srcset=\"https:\/\/www.tierslivre.net\/ateliers\/wp-content\/uploads\/2021\/11\/chambery-2019-1-sur-1.jpg 980w, https:\/\/www.tierslivre.net\/ateliers\/wp-content\/uploads\/2021\/11\/chambery-2019-1-sur-1-420x280.jpg 420w, https:\/\/www.tierslivre.net\/ateliers\/wp-content\/uploads\/2021\/11\/chambery-2019-1-sur-1-768x512.jpg 768w\" sizes=\"auto, (max-width: 735px) 100vw, 735px\" \/><\/figure>\n\n\n\n<p><strong>et&#8230; le workshop Chamb\u00e9ry, c&rsquo;est parti<\/strong><\/p>\n\n\n\n<p>\u2013 pour se familiariser avec le blog, la mise en ligne, et aussi&#8230; un peu d&rsquo;\u00e9criture avec contrainte, la vid\u00e9o ci-dessus propose trois exercices \u00e0 partir de John Gardner, <em>The art of fiction<\/em>&#8230; cat\u00e9gorie : <a href=\"https:\/\/www.tierslivre.net\/ateliers\/category\/ensapc-googlestreetview\/chambery-2021\/\">Chamb\u00e9ry 2021<\/a> +<a href=\"https:\/\/www.tierslivre.net\/ateliers\/category\/ensapc-googlestreetview\/chambery-2021\/en-attendant-latelier\/\">\u00aben attendant l&rsquo;atelier\u00bb<\/a><\/p>\n\n\n\n<p><strong>mardi<\/strong><\/p>\n\n\n\n<p>on travaillera (sous r\u00e9serve) \u00e0 partir de pistes prises \u00e0 Nathalie Sarraute, Leslie Kaplan, Danielle Collobert, Sumana Roy&#8230; <\/p>\n\n\n\n<p>#<a href=\"https:\/\/www.tierslivre.net\/ateliers\/category\/ensapc-googlestreetview\/chambery-2021\/comment-on-parle\/\">Comment on parle<\/a><\/p>\n\n\n\n<p>#<a href=\"https:\/\/www.tierslivre.net\/ateliers\/category\/ensapc-googlestreetview\/chambery-2021\/image-urbaine\/\">Image urbaine<\/a><\/p>\n\n\n\n<p><a href=\"https:\/\/www.tierslivre.net\/ateliers\/category\/ensapc-googlestreetview\/chambery-2021\/travelling\/\">#Travelling<\/a><\/p>\n\n\n\n<p>#<a href=\"https:\/\/www.tierslivre.net\/ateliers\/category\/ensapc-googlestreetview\/chambery-2021\/un-arbre\/\">Un arbre<\/a><\/p>\n\n\n\n<p><strong>mercredi<\/strong><\/p>\n\n\n\n<p>on travaillera (sous r\u00e9serve) \u00e0 partir de pistes prises \u00e0 Annie Ernaux, Gertrude Stein &amp; Ryoko Sekiguchi, Clara Beaudoux, Nathalie Quintane&#8230; <\/p>\n\n\n\n<p>#Qu<a href=\"https:\/\/www.tierslivre.net\/ateliers\/category\/ensapc-googlestreetview\/chambery-2021\/quest-ce-quon-mange\/\">&lsquo;est-ce-qu&rsquo;on mange? <\/a><\/p>\n\n\n\n<p><a href=\"https:\/\/www.tierslivre.net\/ateliers\/category\/ensapc-googlestreetview\/chambery-2021\/images-discontinues\/\">#Images discontinues<\/a><\/p>\n\n\n\n<p><a href=\"https:\/\/www.tierslivre.net\/ateliers\/category\/ensapc-googlestreetview\/chambery-2021\/object-project\/\">#Object project<\/a><\/p>\n\n\n\n<p><\/p>\n\n\n\n<p><\/p>\n\n\n\n<p><\/p>\n","protected":false},"excerpt":{"rendered":"<p>Atelier Mars _ vendredi 1er avril 1, Saint-John Perse _jeudi 30 mars podcast sur Anchor se connecter sur anchor.fm \u2013 puis \u00absign in\u00bb : mail chambery@tierslivre.net et mdp chamberymars2022 ensuite \u00abcr\u00e9er un \u00e9pisode\u00bb : t\u00e9l\u00e9charger le mp3, puis remplir le titre (auteurice + titre) et \u00abpublish\u00bb 3 _ Maison des feuilles _ l&rsquo;\u00e9tude d&rsquo;Ana\u00efs Guilet \u00abchaos domestique et impossible domestication <a class=\"more-link\" href=\"https:\/\/www.tierslivre.net\/ateliers\/atelier-index-sommaires\/cycle-autobiographie\/les-ateliers-tiers-livre\/chambery\/chambery-2\/\">Continuer la lecture<span class=\"screen-reader-text\">Chamb\u00e9ry 2021-2022<\/span><span class=\"meta-nav\">&rarr;<\/span><\/a><\/p>\n","protected":false},"author":1,"featured_media":0,"parent":97593,"menu_order":2,"comment_status":"closed","ping_status":"closed","template":"","meta":{"h5ap_radio_sources":[],"footnotes":""},"class_list":["post-61079","page","type-page","status-publish","hentry"],"_links":{"self":[{"href":"https:\/\/www.tierslivre.net\/ateliers\/wp-json\/wp\/v2\/pages\/61079","targetHints":{"allow":["GET"]}}],"collection":[{"href":"https:\/\/www.tierslivre.net\/ateliers\/wp-json\/wp\/v2\/pages"}],"about":[{"href":"https:\/\/www.tierslivre.net\/ateliers\/wp-json\/wp\/v2\/types\/page"}],"author":[{"embeddable":true,"href":"https:\/\/www.tierslivre.net\/ateliers\/wp-json\/wp\/v2\/users\/1"}],"replies":[{"embeddable":true,"href":"https:\/\/www.tierslivre.net\/ateliers\/wp-json\/wp\/v2\/comments?post=61079"}],"version-history":[{"count":3,"href":"https:\/\/www.tierslivre.net\/ateliers\/wp-json\/wp\/v2\/pages\/61079\/revisions"}],"predecessor-version":[{"id":97596,"href":"https:\/\/www.tierslivre.net\/ateliers\/wp-json\/wp\/v2\/pages\/61079\/revisions\/97596"}],"up":[{"embeddable":true,"href":"https:\/\/www.tierslivre.net\/ateliers\/wp-json\/wp\/v2\/pages\/97593"}],"wp:attachment":[{"href":"https:\/\/www.tierslivre.net\/ateliers\/wp-json\/wp\/v2\/media?parent=61079"}],"curies":[{"name":"wp","href":"https:\/\/api.w.org\/{rel}","templated":true}]}}