{"id":65365,"date":"2022-02-07T08:40:01","date_gmt":"2022-02-07T07:40:01","guid":{"rendered":"https:\/\/www.tierslivre.net\/ateliers\/?page_id=65365"},"modified":"2025-06-30T09:17:22","modified_gmt":"2025-06-30T07:17:22","slug":"atelier-index-sommaires","status":"publish","type":"page","link":"https:\/\/www.tierslivre.net\/ateliers\/atelier-index-sommaires\/","title":{"rendered":"les cycles &#038; sommaires"},"content":{"rendered":"\n<p>On trouvera dans cette rubrique (acc\u00e8s direct par le menu d\u00e9roulant), une archive g\u00e9n\u00e9rale des cycles th\u00e9matiques propos\u00e9s depuis 2021.  Rappels : <\/p>\n\n\n\n<p> _ le <a href=\"https:\/\/www.tierslivre.net\/spip\/spip.php?article4971\">sommaire g\u00e9n\u00e9ral de l&rsquo;ensemble des cycles sur Tiers Livre<\/a>;<\/p>\n\n\n\n<p>_ l&rsquo;acc\u00e8s aux ressources d&rsquo;appui, liens compl\u00e9mentaires, Zooms hebdomadaires et publication sur cette plateforme <a href=\"https:\/\/www.patreon.com\/francoisbon\">via votre abonnement #Patreon<\/a>, rejoignez-nous !<\/p>\n\n\n\n<p><\/p>\n","protected":false},"excerpt":{"rendered":"<p>On trouvera dans cette rubrique (acc\u00e8s direct par le menu d\u00e9roulant), une archive g\u00e9n\u00e9rale des cycles th\u00e9matiques propos\u00e9s depuis 2021. Rappels : _ le sommaire g\u00e9n\u00e9ral de l&rsquo;ensemble des cycles sur Tiers Livre; _ l&rsquo;acc\u00e8s aux ressources d&rsquo;appui, liens compl\u00e9mentaires, Zooms hebdomadaires et publication sur cette plateforme via votre abonnement #Patreon, rejoignez-nous !<\/p>\n","protected":false},"author":1,"featured_media":0,"parent":0,"menu_order":1,"comment_status":"closed","ping_status":"closed","template":"","meta":{"h5ap_radio_sources":[],"footnotes":""},"class_list":["post-65365","page","type-page","status-publish","hentry"],"_links":{"self":[{"href":"https:\/\/www.tierslivre.net\/ateliers\/wp-json\/wp\/v2\/pages\/65365","targetHints":{"allow":["GET"]}}],"collection":[{"href":"https:\/\/www.tierslivre.net\/ateliers\/wp-json\/wp\/v2\/pages"}],"about":[{"href":"https:\/\/www.tierslivre.net\/ateliers\/wp-json\/wp\/v2\/types\/page"}],"author":[{"embeddable":true,"href":"https:\/\/www.tierslivre.net\/ateliers\/wp-json\/wp\/v2\/users\/1"}],"replies":[{"embeddable":true,"href":"https:\/\/www.tierslivre.net\/ateliers\/wp-json\/wp\/v2\/comments?post=65365"}],"version-history":[{"count":3,"href":"https:\/\/www.tierslivre.net\/ateliers\/wp-json\/wp\/v2\/pages\/65365\/revisions"}],"predecessor-version":[{"id":187544,"href":"https:\/\/www.tierslivre.net\/ateliers\/wp-json\/wp\/v2\/pages\/65365\/revisions\/187544"}],"wp:attachment":[{"href":"https:\/\/www.tierslivre.net\/ateliers\/wp-json\/wp\/v2\/media?parent=65365"}],"curies":[{"name":"wp","href":"https:\/\/api.w.org\/{rel}","templated":true}]}}