{"id":97531,"date":"2022-11-09T11:45:09","date_gmt":"2022-11-09T10:45:09","guid":{"rendered":"https:\/\/www.tierslivre.net\/ateliers\/?page_id=97531"},"modified":"2023-03-12T20:22:13","modified_gmt":"2023-03-12T19:22:13","slug":"le-grand-carnet-sommaire-general","status":"publish","type":"page","link":"https:\/\/www.tierslivre.net\/ateliers\/atelier-index-sommaires\/le-grand-carnet\/le-grand-carnet-sommaire-general\/","title":{"rendered":"le grand carnet | sommaire g\u00e9n\u00e9ral"},"content":{"rendered":"\n<p><\/p>\n\n\n\n<figure class=\"wp-block-image size-large\"><img loading=\"lazy\" decoding=\"async\" width=\"1024\" height=\"683\" src=\"https:\/\/www.tierslivre.net\/ateliers\/wp-content\/uploads\/2022\/11\/atlas-1-1-sur-1-1024x683.jpg\" alt=\"\" class=\"wp-image-97522\" srcset=\"https:\/\/www.tierslivre.net\/ateliers\/wp-content\/uploads\/2022\/11\/atlas-1-1-sur-1-1024x683.jpg 1024w, https:\/\/www.tierslivre.net\/ateliers\/wp-content\/uploads\/2022\/11\/atlas-1-1-sur-1-420x280.jpg 420w, https:\/\/www.tierslivre.net\/ateliers\/wp-content\/uploads\/2022\/11\/atlas-1-1-sur-1-768x512.jpg 768w, https:\/\/www.tierslivre.net\/ateliers\/wp-content\/uploads\/2022\/11\/atlas-1-1-sur-1-1536x1024.jpg 1536w, https:\/\/www.tierslivre.net\/ateliers\/wp-content\/uploads\/2022\/11\/atlas-1-1-sur-1.jpg 1920w\" sizes=\"auto, (max-width: 1024px) 100vw, 1024px\" \/><\/figure>\n\n\n\n<p>\u2013 relire l&rsquo;ensemble des textes : c&rsquo;\u00e9taient <a href=\"https:\/\/www.tierslivre.net\/ateliers\/category\/le_grand_carnet\/les-compiles\/\">les compiles au quotidien<\/a>  !<\/p>\n\n\n\n<p>_ <a href=\"https:\/\/www.patreon.com\/posts\/le-grand-carnet-74769827\">retrouver l&rsquo;ensemble des propositions sur une seule page<\/a> (via le Patreon)<\/p>\n\n\n\n<p>\u2013&nbsp;<a href=\"https:\/\/www.tierslivre.net\/ateliers\/le-grand-carnet\/le-grand-carnet-index-general-des-autrices-auteurs\/\">index g\u00e9n\u00e9ral des autrices &amp; auteurs<\/a>;<\/p>\n\n\n\n<p>\u2013 <a href=\"https:\/\/www.tierslivre.net\/ateliers\/category\/le_grand_carnet\/carnets_individuels\/\">l&rsquo;ensemble des carnets &amp; journaux individuels<\/a> (merci de ne pas publier nouvel article chaque jour, mais tout rassembler sur le m\u00eame, actualisable \u00e0 volont\u00e9, adresse qui sera ins\u00e9r\u00e9e dans l&rsquo;index auteurs);<\/p>\n\n\n\n<p>\u2013 <a href=\"https:\/\/www.tierslivre.net\/spip\/spip.php?article5210\">prologue, pr\u00e9sentation sur Tiers Livre<\/a>, et <a href=\"https:\/\/www.tierslivre.net\/ateliers\/category\/le_grand_carnet\/carnets_prologue\/\">l&rsquo;ensemble des contributions<\/a><\/p>\n\n\n\n<p>\u2013 <a href=\"https:\/\/www.tierslivre.net\/ateliers\/le-grand-carnet\/le-grand-carnet-une-bibliographie-dediee\/\">une bibliographie d\u00e9di\u00e9e<\/a>;<\/p>\n\n\n\n<p>\u2013 <a href=\"https:\/\/www.tierslivre.net\/spip\/spip.php?article5211\">sommaire g\u00e9n\u00e9ral et liens sur Tiers Livre<\/a> (en pr\u00e9paration, servira plut\u00f4t apr\u00e8s l&rsquo;atelier !)<\/p>\n\n\n\n<p>\u2013 nous rejoindre (<a href=\"https:\/\/www.tierslivre.net\/index_patreon.html\">inscription Patreon #2 atelier<\/a>)<\/p>\n","protected":false},"excerpt":{"rendered":"<p>\u2013 relire l&rsquo;ensemble des textes : c&rsquo;\u00e9taient les compiles au quotidien ! _ retrouver l&rsquo;ensemble des propositions sur une seule page (via le Patreon) \u2013&nbsp;index g\u00e9n\u00e9ral des autrices &amp; auteurs; \u2013 l&rsquo;ensemble des carnets &amp; journaux individuels (merci de ne pas publier nouvel article chaque jour, mais tout rassembler sur le m\u00eame, actualisable \u00e0 volont\u00e9, adresse qui sera ins\u00e9r\u00e9e dans <a class=\"more-link\" href=\"https:\/\/www.tierslivre.net\/ateliers\/atelier-index-sommaires\/le-grand-carnet\/le-grand-carnet-sommaire-general\/\">Continuer la lecture<span class=\"screen-reader-text\">le grand carnet | sommaire g\u00e9n\u00e9ral<\/span><span class=\"meta-nav\">&rarr;<\/span><\/a><\/p>\n","protected":false},"author":1,"featured_media":0,"parent":97517,"menu_order":1,"comment_status":"closed","ping_status":"closed","template":"","meta":{"h5ap_radio_sources":[],"footnotes":""},"class_list":["post-97531","page","type-page","status-publish","hentry"],"_links":{"self":[{"href":"https:\/\/www.tierslivre.net\/ateliers\/wp-json\/wp\/v2\/pages\/97531","targetHints":{"allow":["GET"]}}],"collection":[{"href":"https:\/\/www.tierslivre.net\/ateliers\/wp-json\/wp\/v2\/pages"}],"about":[{"href":"https:\/\/www.tierslivre.net\/ateliers\/wp-json\/wp\/v2\/types\/page"}],"author":[{"embeddable":true,"href":"https:\/\/www.tierslivre.net\/ateliers\/wp-json\/wp\/v2\/users\/1"}],"replies":[{"embeddable":true,"href":"https:\/\/www.tierslivre.net\/ateliers\/wp-json\/wp\/v2\/comments?post=97531"}],"version-history":[{"count":3,"href":"https:\/\/www.tierslivre.net\/ateliers\/wp-json\/wp\/v2\/pages\/97531\/revisions"}],"predecessor-version":[{"id":117435,"href":"https:\/\/www.tierslivre.net\/ateliers\/wp-json\/wp\/v2\/pages\/97531\/revisions\/117435"}],"up":[{"embeddable":true,"href":"https:\/\/www.tierslivre.net\/ateliers\/wp-json\/wp\/v2\/pages\/97517"}],"wp:attachment":[{"href":"https:\/\/www.tierslivre.net\/ateliers\/wp-json\/wp\/v2\/media?parent=97531"}],"curies":[{"name":"wp","href":"https:\/\/api.w.org\/{rel}","templated":true}]}}